Last updated on 2025-02-19 16:50:47 CET.
Flavor | Version | Tinstall | Tcheck | Ttotal | Status | Flags |
---|---|---|---|---|---|---|
r-devel-linux-x86_64-debian-clang | 0.1.1 | 6.51 | 78.52 | 85.03 | OK | |
r-devel-linux-x86_64-debian-gcc | 0.1.1 | 4.75 | 57.62 | 62.37 | OK | |
r-devel-linux-x86_64-fedora-clang | 0.1.1 | 117.59 | ERROR | |||
r-devel-linux-x86_64-fedora-gcc | 0.1.1 | 147.00 | OK | |||
r-devel-macos-arm64 | 0.1.1 | 61.00 | OK | |||
r-devel-macos-x86_64 | 0.1.1 | 129.00 | OK | |||
r-devel-windows-x86_64 | 0.1.1 | 9.00 | 112.00 | 121.00 | OK | |
r-patched-linux-x86_64 | 0.1.1 | 8.78 | 75.35 | 84.13 | OK | |
r-release-linux-x86_64 | 0.1.1 | 6.49 | 73.43 | 79.92 | OK | |
r-release-macos-arm64 | 0.1.1 | 55.00 | OK | |||
r-release-macos-x86_64 | 0.1.1 | 150.00 | OK | |||
r-release-windows-x86_64 | 0.1.1 | 9.00 | 106.00 | 115.00 | OK | |
r-oldrel-macos-arm64 | 0.1.0 | 67.00 | OK | |||
r-oldrel-macos-x86_64 | 0.1.1 | 95.00 | OK | |||
r-oldrel-windows-x86_64 | 0.1.1 | 12.00 | 130.00 | 142.00 | OK |
Version: 0.1.1
Check: tests
Result: ERROR
Running ‘testthat.R’ [13s/13s]
Running the tests in ‘tests/testthat.R’ failed.
Complete output:
> # This file is part of the standard setup for testthat.
> # It is recommended that you do not modify it.
> #
> # Where should you do additional test configuration?
> # Learn more about the roles of various files in:
> # * https://r-pkgs.org/testing-design.html#sec-tests-files-overview
> # * https://testthat.r-lib.org/articles/special-files.html
>
> library(testthat)
> library(ellmer)
>
> test_check("ellmer")
Starting 2 test processes
Error in `private$handle_error()`:
! testthat subprocess exited in file `test-content-image.R`
Caused by error:
! R session closed the process connection, killed
Backtrace:
▆
1. └─testthat::test_check("ellmer")
2. └─testthat::test_dir(...)
3. └─testthat:::test_files(...)
4. └─testthat:::test_files_parallel(...)
5. ├─withr::with_dir(...)
6. │ └─base::force(code)
7. ├─testthat::with_reporter(...)
8. │ └─base::tryCatch(...)
9. │ └─base (local) tryCatchList(expr, classes, parentenv, handlers)
10. │ └─base (local) tryCatchOne(expr, names, parentenv, handlers[[1L]])
11. │ └─base (local) doTryCatch(return(expr), name, parentenv, handler)
12. └─testthat:::parallel_event_loop_chunky(queue, reporters, ".")
13. └─queue$poll(Inf)
14. └─base::lapply(...)
15. └─testthat (local) FUN(X[[i]], ...)
16. └─private$handle_error(msg, i)
17. └─rlang::abort(...)
Execution halted
Flavor: r-devel-linux-x86_64-fedora-clang
These binaries (installable software) and packages are in development.
They may not be fully stable and should be used with caution. We make no claims about them.