Last updated on 2025-02-16 10:50:45 CET.
Flavor | Version | Tinstall | Tcheck | Ttotal | Status | Flags |
---|---|---|---|---|---|---|
r-devel-linux-x86_64-debian-clang | 1.0.4 | 22.82 | 30.94 | 53.76 | NOTE | |
r-devel-linux-x86_64-debian-gcc | 1.0.4 | 17.78 | 24.43 | 42.21 | NOTE | |
r-devel-linux-x86_64-fedora-clang | 1.0.4 | 98.70 | NOTE | |||
r-devel-linux-x86_64-fedora-gcc | 1.0.4 | 115.45 | NOTE | |||
r-devel-macos-arm64 | 1.0.4 | 35.00 | NOTE | |||
r-devel-macos-x86_64 | 1.0.4 | 58.00 | NOTE | |||
r-devel-windows-x86_64 | 1.0.4 | 28.00 | 69.00 | 97.00 | NOTE | |
r-patched-linux-x86_64 | 1.0.4 | 24.23 | 29.12 | 53.35 | NOTE | |
r-release-linux-x86_64 | 1.0.4 | 24.81 | 29.24 | 54.05 | NOTE | |
r-release-macos-arm64 | 1.0.4 | 35.00 | NOTE | |||
r-release-macos-x86_64 | 1.0.4 | 49.00 | NOTE | |||
r-release-windows-x86_64 | 1.0.4 | 27.00 | 70.00 | 97.00 | NOTE | |
r-oldrel-macos-arm64 | 1.0.4 | 37.00 | NOTE | |||
r-oldrel-macos-x86_64 | 1.0.4 | 59.00 | NOTE | |||
r-oldrel-windows-x86_64 | 1.0.4 | 35.00 | 77.00 | 112.00 | NOTE |
Version: 1.0.4
Check: C++ specification
Result: NOTE
Specified C++11: please drop specification unless essential
Flavors: r-devel-linux-x86_64-debian-clang, r-devel-linux-x86_64-debian-gcc, r-devel-linux-x86_64-fedora-clang, r-devel-linux-x86_64-fedora-gcc, r-devel-macos-arm64, r-devel-macos-x86_64, r-devel-windows-x86_64, r-patched-linux-x86_64, r-release-linux-x86_64, r-release-macos-arm64, r-release-macos-x86_64, r-release-windows-x86_64, r-oldrel-macos-arm64, r-oldrel-macos-x86_64, r-oldrel-windows-x86_64
These binaries (installable software) and packages are in development.
They may not be fully stable and should be used with caution. We make no claims about them.