Last updated on 2025-02-19 16:50:47 CET.
Flavor | Version | Tinstall | Tcheck | Ttotal | Status | Flags |
---|---|---|---|---|---|---|
r-devel-linux-x86_64-debian-clang | 1.1-28 | 37.77 | 258.89 | 296.66 | OK | |
r-devel-linux-x86_64-debian-gcc | 1.1-28 | 21.77 | 162.21 | 183.98 | OK | |
r-devel-linux-x86_64-fedora-clang | 1.1-28 | 469.81 | NOTE | |||
r-devel-linux-x86_64-fedora-gcc | 1.1-28 | 467.15 | NOTE | |||
r-devel-macos-arm64 | 1.1-28 | 104.00 | OK | |||
r-devel-macos-x86_64 | 1.1-28 | 275.00 | OK | |||
r-devel-windows-x86_64 | 1.1-28 | 36.00 | 204.00 | 240.00 | OK | |
r-patched-linux-x86_64 | 1.1-28 | 35.09 | 238.67 | 273.76 | OK | |
r-release-linux-x86_64 | 1.1-28 | 35.94 | 237.52 | 273.46 | OK | |
r-release-macos-arm64 | 1.1-28 | 101.00 | OK | |||
r-release-macos-x86_64 | 1.1-28 | 184.00 | OK | |||
r-release-windows-x86_64 | 1.1-28 | 36.00 | 204.00 | 240.00 | OK | |
r-oldrel-macos-arm64 | 1.1-28 | 108.00 | OK | |||
r-oldrel-macos-x86_64 | 1.1-28 | 201.00 | OK | |||
r-oldrel-windows-x86_64 | 1.1-28 | 51.00 | 254.00 | 305.00 | OK |
Version: 1.1-28
Check: compiled code
Result: NOTE
File ‘elsa/libs/elsa.so’:
Found no calls to: ‘R_registerRoutines’, ‘R_useDynamicSymbols’
It is good practice to register native routines and to disable symbol
search.
See ‘Writing portable packages’ in the ‘Writing R Extensions’ manual.
Flavors: r-devel-linux-x86_64-fedora-clang, r-devel-linux-x86_64-fedora-gcc
These binaries (installable software) and packages are in development.
They may not be fully stable and should be used with caution. We make no claims about them.