CRAN Package Check Results for Package emBayes

Last updated on 2025-05-01 08:52:31 CEST.

Flavor Version Tinstall Tcheck Ttotal Status Flags
r-devel-linux-x86_64-debian-clang 0.1.6 40.79 61.38 102.17 NOTE
r-devel-linux-x86_64-debian-gcc 0.1.6 28.70 46.11 74.81 OK
r-devel-linux-x86_64-fedora-clang 0.1.6 172.98 OK
r-devel-linux-x86_64-fedora-gcc 0.1.6 168.26 OK
r-devel-windows-x86_64 0.1.6 45.00 100.00 145.00 OK
r-patched-linux-x86_64 0.1.6 41.42 59.15 100.57 OK
r-release-linux-x86_64 OK
r-release-macos-arm64 0.1.6 54.00 OK
r-release-macos-x86_64 0.1.6 85.00 OK
r-release-windows-x86_64 0.1.6 44.00 107.00 151.00 OK
r-oldrel-macos-arm64 0.1.6 46.00 OK
r-oldrel-macos-x86_64 0.1.6 85.00 OK
r-oldrel-windows-x86_64 0.1.6 52.00 121.00 173.00 OK

Check Details

Version: 0.1.6
Check: examples
Result: NOTE Examples with CPU (user + system) or elapsed time > 5s user system elapsed emBayes 4.367 0.2 5.51 Flavor: r-devel-linux-x86_64-debian-clang

These binaries (installable software) and packages are in development.
They may not be fully stable and should be used with caution. We make no claims about them.