Last updated on 2025-10-24 13:49:36 CEST.
| Flavor | Version | Tinstall | Tcheck | Ttotal | Status | Flags |
|---|---|---|---|---|---|---|
| r-devel-linux-x86_64-debian-clang | 0.0.15 | 654.02 | 46.16 | 700.18 | OK | |
| r-devel-linux-x86_64-debian-gcc | 0.0.15 | 334.73 | 33.90 | 368.63 | OK | |
| r-devel-linux-x86_64-fedora-clang | 0.0.15 | 1560.00 | 42.30 | 1602.30 | OK | |
| r-devel-linux-x86_64-fedora-gcc | 0.0.15 | 780.00 | 325.90 | 1105.90 | OK | |
| r-devel-windows-x86_64 | 0.0.15 | 746.00 | 95.00 | 841.00 | OK | |
| r-patched-linux-x86_64 | 0.0.15 | 574.32 | 43.11 | 617.43 | OK | |
| r-release-linux-x86_64 | 0.0.15 | 592.19 | 43.91 | 636.10 | OK | |
| r-release-macos-arm64 | 0.0.15 | 197.00 | 25.00 | 222.00 | OK | |
| r-release-macos-x86_64 | 0.0.15 | 197.00 | 56.00 | 253.00 | OK | |
| r-release-windows-x86_64 | 0.0.15 | 737.00 | 93.00 | 830.00 | OK | |
| r-oldrel-macos-arm64 | 0.0.15 | 193.00 | 31.00 | 224.00 | NOTE | |
| r-oldrel-macos-x86_64 | 0.0.15 | 186.00 | 52.00 | 238.00 | NOTE | |
| r-oldrel-windows-x86_64 | 0.0.15 | 852.00 | 118.00 | 970.00 | OK |
Version: 0.0.15
Check: installed package size
Result: NOTE
installed size is 18.5Mb
sub-directories of 1Mb or more:
data 2.0Mb
libs 16.2Mb
Flavors: r-oldrel-macos-arm64, r-oldrel-macos-x86_64
These binaries (installable software) and packages are in development.
They may not be fully stable and should be used with caution. We make no claims about them.