CRAN Package Check Results for Package emIRT

Last updated on 2025-11-13 21:49:56 CET.

Flavor Version Tinstall Tcheck Ttotal Status Flags
r-devel-linux-x86_64-debian-clang 0.0.15 649.25 46.58 695.83 OK
r-devel-linux-x86_64-debian-gcc 0.0.15 343.82 33.51 377.33 OK
r-devel-linux-x86_64-fedora-clang 0.0.15 900.00 639.09 1539.09 OK
r-devel-linux-x86_64-fedora-gcc 0.0.15 840.00 267.84 1107.84 OK
r-devel-windows-x86_64 0.0.15 744.00 92.00 836.00 OK
r-patched-linux-x86_64 0.0.15 586.61 43.79 630.40 OK
r-release-linux-x86_64 0.0.15 581.33 43.60 624.93 OK
r-release-macos-arm64 0.0.15 197.00 25.00 222.00 OK
r-release-macos-x86_64 0.0.15 197.00 56.00 253.00 OK
r-release-windows-x86_64 0.0.15 728.00 93.00 821.00 OK
r-oldrel-macos-arm64 0.0.15 193.00 31.00 224.00 NOTE
r-oldrel-macos-x86_64 0.0.15 186.00 52.00 238.00 NOTE
r-oldrel-windows-x86_64 0.0.15 865.00 116.00 981.00 OK

Check Details

Version: 0.0.15
Check: installed package size
Result: NOTE installed size is 18.5Mb sub-directories of 1Mb or more: data 2.0Mb libs 16.2Mb Flavors: r-oldrel-macos-arm64, r-oldrel-macos-x86_64

These binaries (installable software) and packages are in development.
They may not be fully stable and should be used with caution. We make no claims about them.