Last updated on 2025-02-16 10:50:45 CET.
Flavor | Version | Tinstall | Tcheck | Ttotal | Status | Flags |
---|---|---|---|---|---|---|
r-devel-linux-x86_64-debian-clang | 0.0.14 | 641.22 | 43.34 | 684.56 | OK | |
r-devel-linux-x86_64-debian-gcc | 0.0.14 | 410.62 | 32.20 | 442.82 | OK | |
r-devel-linux-x86_64-fedora-clang | 0.0.14 | 1580.99 | OK | |||
r-devel-linux-x86_64-fedora-gcc | 0.0.14 | 1433.07 | OK | |||
r-devel-macos-arm64 | 0.0.14 | 205.00 | OK | |||
r-devel-macos-x86_64 | 0.0.14 | 188.00 | OK | |||
r-devel-windows-x86_64 | 0.0.14 | 651.00 | 97.00 | 748.00 | OK | |
r-patched-linux-x86_64 | 0.0.14 | 554.10 | 40.86 | 594.96 | OK | |
r-release-linux-x86_64 | 0.0.14 | 565.91 | 41.28 | 607.19 | OK | |
r-release-macos-arm64 | 0.0.14 | 274.00 | NOTE | |||
r-release-macos-x86_64 | 0.0.14 | 221.00 | NOTE | |||
r-release-windows-x86_64 | 0.0.14 | 656.00 | 101.00 | 757.00 | OK | |
r-oldrel-macos-arm64 | 0.0.14 | 274.00 | NOTE | |||
r-oldrel-macos-x86_64 | 0.0.14 | 205.00 | NOTE | |||
r-oldrel-windows-x86_64 | 0.0.14 | 820.00 | 149.00 | 969.00 | OK |
Version: 0.0.14
Check: installed package size
Result: NOTE
installed size is 18.1Mb
sub-directories of 1Mb or more:
data 2.0Mb
libs 15.9Mb
Flavors: r-release-macos-arm64, r-release-macos-x86_64, r-oldrel-macos-arm64, r-oldrel-macos-x86_64
These binaries (installable software) and packages are in development.
They may not be fully stable and should be used with caution. We make no claims about them.