Last updated on 2025-05-21 21:49:16 CEST.
Flavor | Version | Tinstall | Tcheck | Ttotal | Status | Flags |
---|---|---|---|---|---|---|
r-devel-linux-x86_64-debian-clang | 1.2 | 66.01 | 63.08 | 129.09 | OK | |
r-devel-linux-x86_64-debian-gcc | 1.2 | 48.13 | 58.33 | 106.46 | OK | |
r-devel-linux-x86_64-fedora-clang | 1.2 | 219.24 | OK | |||
r-devel-linux-x86_64-fedora-gcc | 1.2 | 259.04 | OK | |||
r-devel-windows-x86_64 | 1.2 | 79.00 | 106.00 | 185.00 | OK | |
r-patched-linux-x86_64 | 1.2 | 66.81 | 68.61 | 135.42 | OK | |
r-release-linux-x86_64 | 1.2 | 68.04 | 66.43 | 134.47 | OK | |
r-release-macos-arm64 | 1.2 | 74.00 | OK | |||
r-release-macos-x86_64 | 1.2 | 93.00 | OK | |||
r-release-windows-x86_64 | 1.2 | 77.00 | 92.00 | 169.00 | OK | |
r-oldrel-macos-arm64 | 1.2 | 64.00 | NOTE | |||
r-oldrel-macos-x86_64 | 1.2 | 86.00 | NOTE | |||
r-oldrel-windows-x86_64 | 1.2 | 88.00 | 107.00 | 195.00 | OK |
Version: 1.2
Check: installed package size
Result: NOTE
installed size is 5.9Mb
sub-directories of 1Mb or more:
libs 5.2Mb
Flavors: r-oldrel-macos-arm64, r-oldrel-macos-x86_64
These binaries (installable software) and packages are in development.
They may not be fully stable and should be used with caution. We make no claims about them.