Last updated on 2025-07-03 03:49:39 CEST.
Flavor | Version | Tinstall | Tcheck | Ttotal | Status | Flags |
---|---|---|---|---|---|---|
r-devel-linux-x86_64-debian-clang | 1.2 | 67.91 | 66.20 | 134.11 | OK | |
r-devel-linux-x86_64-debian-gcc | 1.2 | 49.23 | 53.46 | 102.69 | OK | |
r-devel-linux-x86_64-fedora-clang | 1.2 | 217.43 | OK | |||
r-devel-linux-x86_64-fedora-gcc | 1.2 | 234.78 | OK | |||
r-devel-windows-x86_64 | 1.2 | 74.00 | 91.00 | 165.00 | OK | |
r-patched-linux-x86_64 | 1.2 | 68.97 | 65.28 | 134.25 | OK | |
r-release-linux-x86_64 | 1.2 | 68.69 | 69.71 | 138.40 | OK | |
r-release-macos-arm64 | 1.2 | 74.00 | OK | |||
r-release-macos-x86_64 | 1.2 | 93.00 | OK | |||
r-release-windows-x86_64 | 1.2 | 76.00 | 88.00 | 164.00 | OK | |
r-oldrel-macos-arm64 | 1.2 | 64.00 | NOTE | |||
r-oldrel-macos-x86_64 | 1.2 | 86.00 | NOTE | |||
r-oldrel-windows-x86_64 | 1.2 | 91.00 | 110.00 | 201.00 | OK |
Version: 1.2
Check: installed package size
Result: NOTE
installed size is 5.9Mb
sub-directories of 1Mb or more:
libs 5.2Mb
Flavors: r-oldrel-macos-arm64, r-oldrel-macos-x86_64
These binaries (installable software) and packages are in development.
They may not be fully stable and should be used with caution. We make no claims about them.