CRAN Package Check Results for Package emdbook

Last updated on 2025-02-16 10:50:45 CET.

Flavor Version Tinstall Tcheck Ttotal Status Flags
r-devel-linux-x86_64-debian-clang 1.3.13 8.58 77.55 86.13 NOTE
r-devel-linux-x86_64-debian-gcc 1.3.13 6.28 56.75 63.03 NOTE
r-devel-linux-x86_64-fedora-clang 1.3.13 138.59 NOTE
r-devel-linux-x86_64-fedora-gcc 1.3.13 129.15 NOTE
r-devel-macos-arm64 1.3.13 118.00 NOTE
r-devel-macos-x86_64 1.3.13 111.00 NOTE
r-devel-windows-x86_64 1.3.13 9.00 98.00 107.00 NOTE
r-patched-linux-x86_64 1.3.13 11.22 73.19 84.41 NOTE
r-release-linux-x86_64 1.3.13 8.01 73.30 81.31 NOTE
r-release-macos-arm64 1.3.13 38.00 NOTE
r-release-macos-x86_64 1.3.13 86.00 NOTE
r-release-windows-x86_64 1.3.13 9.00 97.00 106.00 NOTE
r-oldrel-macos-arm64 1.3.13 41.00 OK
r-oldrel-macos-x86_64 1.3.13 105.00 OK
r-oldrel-windows-x86_64 1.3.13 12.00 109.00 121.00 OK

Check Details

Version: 1.3.13
Check: Rd files
Result: NOTE checkRd: (-1) NEWS.Rd:194: Lost braces; missing escapes or markup? 194 | \item added {d,r}betabinom | ^ Flavors: r-devel-linux-x86_64-debian-clang, r-devel-linux-x86_64-debian-gcc, r-devel-linux-x86_64-fedora-clang, r-devel-linux-x86_64-fedora-gcc, r-devel-macos-arm64, r-devel-macos-x86_64, r-devel-windows-x86_64, r-patched-linux-x86_64, r-release-linux-x86_64, r-release-macos-arm64, r-release-macos-x86_64, r-release-windows-x86_64

Version: 1.3.13
Check: Rd cross-references
Result: NOTE Found the following Rd file(s) with Rd \link{} targets missing package anchors: apply2d.Rd: create_progress_bar curve3d.Rd: create_progress_bar Please provide package anchors for all Rd \link{} targets not in the package itself and the base packages. Flavors: r-devel-linux-x86_64-debian-clang, r-devel-linux-x86_64-debian-gcc, r-devel-windows-x86_64

These binaries (installable software) and packages are in development.
They may not be fully stable and should be used with caution. We make no claims about them.