Last updated on 2025-07-02 03:50:40 CEST.
Flavor | Version | Tinstall | Tcheck | Ttotal | Status | Flags |
---|---|---|---|---|---|---|
r-devel-linux-x86_64-debian-clang | 2.2.2 | 27.43 | 197.78 | 225.21 | NOTE | |
r-devel-linux-x86_64-debian-gcc | 2.2.2 | 16.39 | 133.80 | 150.19 | NOTE | |
r-devel-linux-x86_64-fedora-clang | 2.2.2 | 346.34 | OK | |||
r-devel-linux-x86_64-fedora-gcc | 2.2.2 | 348.84 | OK | |||
r-devel-windows-x86_64 | 2.2.2 | 26.00 | 182.00 | 208.00 | NOTE | |
r-patched-linux-x86_64 | NOTE | |||||
r-release-linux-x86_64 | 2.2.2 | 22.82 | 181.10 | 203.92 | NOTE | |
r-release-macos-arm64 | 2.2.2 | 80.00 | OK | |||
r-release-macos-x86_64 | 2.2.2 | 186.00 | OK | |||
r-release-windows-x86_64 | 2.2.2 | 27.00 | 190.00 | 217.00 | NOTE | |
r-oldrel-macos-arm64 | 2.2.2 | 104.00 | OK | |||
r-oldrel-macos-x86_64 | 2.2.2 | 277.00 | OK | |||
r-oldrel-windows-x86_64 | 2.2.2 | 35.00 | 235.00 | 270.00 | OK |
Version: 2.2.2
Check: Rd cross-references
Result: NOTE
Found the following Rd file(s) with Rd \link{} targets missing package
anchors:
write.excel.Rd: openxlsx
Please provide package anchors for all Rd \link{} targets not in the
package itself and the base packages.
Flavors: r-devel-linux-x86_64-debian-clang, r-devel-linux-x86_64-debian-gcc, r-devel-windows-x86_64, r-patched-linux-x86_64, r-release-linux-x86_64, r-release-windows-x86_64
These binaries (installable software) and packages are in development.
They may not be fully stable and should be used with caution. We make no claims about them.