Last updated on 2025-05-01 15:49:30 CEST.
Flavor | Version | Tinstall | Tcheck | Ttotal | Status | Flags |
---|---|---|---|---|---|---|
r-devel-linux-x86_64-debian-clang | 0.5.1 | 7.35 | 81.43 | 88.78 | NOTE | |
r-devel-linux-x86_64-debian-gcc | 0.5.1 | 4.48 | 58.13 | 62.61 | NOTE | |
r-devel-linux-x86_64-fedora-clang | 0.5.1 | 134.83 | NOTE | |||
r-devel-linux-x86_64-fedora-gcc | 0.5.1 | 137.76 | NOTE | |||
r-devel-windows-x86_64 | 0.5.1 | 10.00 | 91.00 | 101.00 | NOTE | |
r-patched-linux-x86_64 | 0.5.1 | 5.54 | 77.33 | 82.87 | NOTE | |
r-release-linux-x86_64 | NOTE | |||||
r-release-macos-arm64 | 0.5.1 | 48.00 | NOTE | |||
r-release-macos-x86_64 | 0.5.1 | 100.00 | NOTE | |||
r-release-windows-x86_64 | 0.5.1 | 10.00 | 105.00 | 115.00 | NOTE | |
r-oldrel-macos-arm64 | 0.5.1 | 42.00 | OK | |||
r-oldrel-macos-x86_64 | 0.5.1 | 93.00 | OK | |||
r-oldrel-windows-x86_64 | 0.5.1 | 12.00 | 105.00 | 117.00 | OK |
Version: 0.5.1
Check: DESCRIPTION meta-information
Result: NOTE
Missing dependency on R >= 4.2.0 because package code uses the pipe
placeholder syntax added in R 4.2.0.
File(s) using such syntax:
‘binary_method_functions.R’ ‘ordinal_method_functions.R’
‘utility_functions.R’
Flavors: r-devel-linux-x86_64-debian-clang, r-devel-linux-x86_64-debian-gcc, r-devel-linux-x86_64-fedora-clang, r-devel-linux-x86_64-fedora-gcc, r-devel-windows-x86_64, r-patched-linux-x86_64, r-release-linux-x86_64, r-release-macos-arm64, r-release-windows-x86_64
Version: 0.5.1
Check: DESCRIPTION meta-information
Result: NOTE
Missing dependency on R >= 4.1.0 because package code uses the pipe
|> or function shorthand \(...) syntax added in R 4.1.0.
File(s) using such syntax:
‘binary_method_functions.R’ ‘continuous_method_functions.R’
‘ordinal_method_functions.R’ ‘utility_functions.R’
Flavor: r-release-macos-x86_64
These binaries (installable software) and packages are in development.
They may not be fully stable and should be used with caution. We make no claims about them.