Last updated on 2025-05-01 12:49:27 CEST.
Flavor | Version | Tinstall | Tcheck | Ttotal | Status | Flags |
---|---|---|---|---|---|---|
r-devel-linux-x86_64-debian-clang | 0.5.1 | 4.88 | 70.01 | 74.89 | NOTE | |
r-devel-linux-x86_64-debian-gcc | 0.5.1 | 3.31 | 52.46 | 55.77 | NOTE | |
r-devel-linux-x86_64-fedora-clang | 0.5.1 | 115.93 | OK | |||
r-devel-linux-x86_64-fedora-gcc | 0.5.1 | 123.16 | OK | |||
r-devel-windows-x86_64 | 0.5.1 | 7.00 | 93.00 | 100.00 | OK | |
r-patched-linux-x86_64 | 0.5.1 | 4.70 | 65.63 | 70.33 | OK | |
r-release-linux-x86_64 | OK | |||||
r-release-macos-arm64 | 0.5.1 | 44.00 | OK | |||
r-release-macos-x86_64 | 0.5.1 | 86.00 | OK | |||
r-release-windows-x86_64 | 0.5.1 | 7.00 | 108.00 | 115.00 | OK | |
r-oldrel-macos-arm64 | 0.5.1 | 43.00 | NOTE | |||
r-oldrel-macos-x86_64 | 0.5.1 | 64.00 | NOTE | |||
r-oldrel-windows-x86_64 | 0.5.1 | 7.00 | 105.00 | 112.00 | NOTE |
Version: 0.5.1
Check: CRAN incoming feasibility
Result: NOTE
Maintainer: ‘Carl Boettiger <cboettig@gmail.com>’
Package CITATION file contains call(s) to old-style citEntry(). Please
use bibentry() instead.
Flavors: r-devel-linux-x86_64-debian-clang, r-devel-linux-x86_64-debian-gcc
Version: 0.5.1
Check: LazyData
Result: NOTE
'LazyData' is specified without a 'data' directory
Flavors: r-oldrel-macos-arm64, r-oldrel-macos-x86_64, r-oldrel-windows-x86_64
These binaries (installable software) and packages are in development.
They may not be fully stable and should be used with caution. We make no claims about them.