CRAN Package Check Results for Package emld

Last updated on 2025-07-25 15:49:59 CEST.

Flavor Version Tinstall Tcheck Ttotal Status Flags
r-devel-linux-x86_64-debian-clang 0.5.1 4.40 69.12 73.52 NOTE
r-devel-linux-x86_64-debian-gcc 0.5.1 2.91 50.65 53.56 NOTE
r-devel-linux-x86_64-fedora-clang 0.5.1 111.78 OK
r-devel-linux-x86_64-fedora-gcc 0.5.1 122.67 OK
r-devel-windows-x86_64 0.5.1 10.00 99.00 109.00 OK
r-patched-linux-x86_64 0.5.1 4.42 65.41 69.83 OK
r-release-linux-x86_64 0.5.1 4.25 66.26 70.51 OK
r-release-macos-arm64 0.5.1 44.00 OK
r-release-macos-x86_64 0.5.1 86.00 OK
r-release-windows-x86_64 0.5.1 7.00 87.00 94.00 OK
r-oldrel-macos-arm64 0.5.1 43.00 NOTE
r-oldrel-macos-x86_64 0.5.1 64.00 NOTE
r-oldrel-windows-x86_64 0.5.1 8.00 108.00 116.00 NOTE

Check Details

Version: 0.5.1
Check: CRAN incoming feasibility
Result: NOTE Maintainer: ‘Carl Boettiger <cboettig@gmail.com>’ Package CITATION file contains call(s) to old-style citEntry(). Please use bibentry() instead. Flavors: r-devel-linux-x86_64-debian-clang, r-devel-linux-x86_64-debian-gcc

Version: 0.5.1
Check: LazyData
Result: NOTE 'LazyData' is specified without a 'data' directory Flavors: r-oldrel-macos-arm64, r-oldrel-macos-x86_64, r-oldrel-windows-x86_64

These binaries (installable software) and packages are in development.
They may not be fully stable and should be used with caution. We make no claims about them.