Last updated on 2025-11-12 19:51:47 CET.
| Flavor | Version | Tinstall | Tcheck | Ttotal | Status | Flags |
|---|---|---|---|---|---|---|
| r-devel-linux-x86_64-debian-clang | 0.5.5 | 5.80 | 64.89 | 70.69 | OK | |
| r-devel-linux-x86_64-debian-gcc | 0.5.5 | 4.00 | 48.54 | 52.54 | OK | |
| r-devel-linux-x86_64-fedora-clang | 0.5.5 | 12.00 | 95.30 | 107.30 | OK | |
| r-devel-linux-x86_64-fedora-gcc | 0.5.5 | 115.81 | OK | |||
| r-devel-windows-x86_64 | 0.5.5 | 10.00 | 79.00 | 89.00 | OK | |
| r-patched-linux-x86_64 | 0.5.5 | 5.56 | 61.13 | 66.69 | OK | |
| r-release-linux-x86_64 | 0.5.5 | 5.26 | 61.04 | 66.30 | OK | |
| r-release-macos-arm64 | 0.5.5 | 3.00 | 34.00 | 37.00 | OK | |
| r-release-macos-x86_64 | 0.5.5 | 5.00 | 59.00 | 64.00 | OK | |
| r-release-windows-x86_64 | 0.5.5 | 9.00 | 81.00 | 90.00 | OK | |
| r-oldrel-macos-arm64 | 0.5.5 | 2.00 | 34.00 | 36.00 | NOTE | |
| r-oldrel-macos-x86_64 | 0.5.5 | 4.00 | 51.00 | 55.00 | NOTE | |
| r-oldrel-windows-x86_64 | 0.5.5 | 11.00 | 98.00 | 109.00 | NOTE |
Version: 0.5.5
Check: installed package size
Result: NOTE
installed size is 7.0Mb
sub-directories of 1Mb or more:
emoji_fonts 6.4Mb
Flavors: r-oldrel-macos-arm64, r-oldrel-macos-x86_64, r-oldrel-windows-x86_64
These binaries (installable software) and packages are in development.
They may not be fully stable and should be used with caution. We make no claims about them.