Last updated on 2025-10-03 07:49:39 CEST.
Flavor | Version | Tinstall | Tcheck | Ttotal | Status | Flags |
---|---|---|---|---|---|---|
r-devel-linux-x86_64-debian-clang | 0.5.5 | 5.45 | 65.12 | 70.57 | OK | |
r-devel-linux-x86_64-debian-gcc | 0.5.5 | 4.20 | 47.85 | 52.05 | OK | |
r-devel-linux-x86_64-fedora-clang | 0.5.5 | 114.65 | OK | |||
r-devel-linux-x86_64-fedora-gcc | 0.5.5 | 124.18 | OK | |||
r-devel-windows-x86_64 | 0.5.5 | 11.00 | 80.00 | 91.00 | OK | |
r-patched-linux-x86_64 | 0.5.5 | 5.27 | 61.64 | 66.91 | OK | |
r-release-linux-x86_64 | 0.5.5 | 5.10 | 61.43 | 66.53 | OK | |
r-release-macos-arm64 | 0.5.5 | 37.00 | OK | |||
r-release-macos-x86_64 | 0.5.5 | 64.00 | OK | |||
r-release-windows-x86_64 | 0.5.5 | 10.00 | 80.00 | 90.00 | OK | |
r-oldrel-macos-arm64 | 0.5.5 | 36.00 | NOTE | |||
r-oldrel-macos-x86_64 | 0.5.5 | 55.00 | NOTE | |||
r-oldrel-windows-x86_64 | 0.5.5 | 11.00 | 99.00 | 110.00 | NOTE |
Version: 0.5.5
Check: installed package size
Result: NOTE
installed size is 7.0Mb
sub-directories of 1Mb or more:
emoji_fonts 6.4Mb
Flavors: r-oldrel-macos-arm64, r-oldrel-macos-x86_64, r-oldrel-windows-x86_64
These binaries (installable software) and packages are in development.
They may not be fully stable and should be used with caution. We make no claims about them.