Last updated on 2025-05-01 14:49:08 CEST.
Flavor | Version | Tinstall | Tcheck | Ttotal | Status | Flags |
---|---|---|---|---|---|---|
r-devel-linux-x86_64-debian-clang | 1.3.2 | 7.49 | 71.72 | 79.21 | NOTE | |
r-devel-linux-x86_64-debian-gcc | 1.3.2 | 5.18 | 51.64 | 56.82 | NOTE | |
r-devel-linux-x86_64-fedora-clang | 1.3.2 | 128.16 | OK | |||
r-devel-linux-x86_64-fedora-gcc | 1.3.2 | 119.20 | OK | |||
r-devel-windows-x86_64 | 1.3.2 | 8.00 | 91.00 | 99.00 | OK | |
r-patched-linux-x86_64 | 1.3.2 | 7.90 | 68.27 | 76.17 | OK | |
r-release-linux-x86_64 | OK | |||||
r-release-macos-arm64 | 1.3.2 | 37.00 | OK | |||
r-release-macos-x86_64 | 1.3.2 | 75.00 | OK | |||
r-release-windows-x86_64 | 1.3.2 | 9.00 | 95.00 | 104.00 | OK | |
r-oldrel-macos-arm64 | 1.3.2 | 34.00 | OK | |||
r-oldrel-macos-x86_64 | 1.3.2 | 52.00 | OK | |||
r-oldrel-windows-x86_64 | 1.3.2 | 10.00 | 100.00 | 110.00 | OK |
Version: 1.3.2
Check: CRAN incoming feasibility
Result: NOTE
Maintainer: ‘Jon Barry <jon.barry@cefas.co.uk>’
No Authors@R field in DESCRIPTION.
Please add one, modifying
Authors@R: c(person(given = "Jon",
family = "Barry",
role = c("aut", "cre"),
email = "jon.barry@cefas.co.uk"),
person(given = "David",
family = "Maxwell",
role = "aut"))
as necessary.
Found the following \keyword or \concept entries
which likely give several index terms:
File ‘emon-package.Rd’:
\keyword{power, ecological surveys, video surveys, [TRUNCATED]
Flavors: r-devel-linux-x86_64-debian-clang, r-devel-linux-x86_64-debian-gcc
Version: 1.3.2
Check: examples
Result: NOTE
Examples with CPU (user + system) or elapsed time > 5s
user system elapsed
power.trend 7.907 0 9.38
Flavor: r-devel-linux-x86_64-debian-clang
Version: 1.3.2
Check: examples
Result: NA
user system elapsed
power.trend 4.277 0.321 5.755
OK
Flavor: r-devel-linux-x86_64-debian-gcc
These binaries (installable software) and packages are in development.
They may not be fully stable and should be used with caution. We make no claims about them.