CRAN Package Check Results for Package emov

Last updated on 2025-05-08 04:52:04 CEST.

Flavor Version Tinstall Tcheck Ttotal Status Flags
r-devel-linux-x86_64-debian-clang 0.1.1 1.73 18.76 20.49 NOTE
r-devel-linux-x86_64-debian-gcc 0.1.1 1.27 16.25 17.52 NOTE
r-devel-linux-x86_64-fedora-clang 0.1.1 31.42 OK
r-devel-linux-x86_64-fedora-gcc 0.1.1 30.78 OK
r-devel-windows-x86_64 0.1.1 3.00 43.00 46.00 OK
r-patched-linux-x86_64 0.1.1 1.51 18.45 19.96 OK
r-release-linux-x86_64 0.1.1 1.51 18.21 19.72 OK
r-release-macos-arm64 0.1.1 17.00 OK
r-release-macos-x86_64 0.1.1 27.00 OK
r-release-windows-x86_64 0.1.1 2.00 47.00 49.00 OK
r-oldrel-macos-arm64 0.1.1 15.00 OK
r-oldrel-macos-x86_64 0.1.1 21.00 OK
r-oldrel-windows-x86_64 0.1.1 3.00 42.00 45.00 OK

Check Details

Version: 0.1.1
Check: CRAN incoming feasibility
Result: NOTE Maintainer: ‘Simon Schwab <schw4b@gmail.com>’ No Authors@R field in DESCRIPTION. Please add one, modifying Authors@R: person(given = "Simon", family = "Schwab", role = c("aut", "cre"), email = "schw4b@gmail.com") as necessary. Flavors: r-devel-linux-x86_64-debian-clang, r-devel-linux-x86_64-debian-gcc

These binaries (installable software) and packages are in development.
They may not be fully stable and should be used with caution. We make no claims about them.