CRAN Package Check Results for Package emov

Last updated on 2025-11-11 15:50:33 CET.

Flavor Version Tinstall Tcheck Ttotal Status Flags
r-devel-linux-x86_64-debian-clang 0.1.1 1.71 20.98 22.69 NOTE
r-devel-linux-x86_64-debian-gcc 0.1.1 1.28 17.25 18.53 NOTE
r-devel-linux-x86_64-fedora-clang 0.1.1 32.06 OK
r-devel-linux-x86_64-fedora-gcc 0.1.1 30.72 OK
r-devel-windows-x86_64 0.1.1 3.00 40.00 43.00 OK
r-patched-linux-x86_64 0.1.1 1.56 19.74 21.30 OK
r-release-linux-x86_64 0.1.1 1.33 19.92 21.25 OK
r-release-macos-arm64 0.1.1 1.00 16.00 17.00 OK
r-release-macos-x86_64 0.1.1 1.00 26.00 27.00 OK
r-release-windows-x86_64 0.1.1 4.00 40.00 44.00 OK
r-oldrel-macos-arm64 0.1.1 1.00 14.00 15.00 OK
r-oldrel-macos-x86_64 0.1.1 2.00 19.00 21.00 OK
r-oldrel-windows-x86_64 0.1.1 3.00 42.00 45.00 OK

Check Details

Version: 0.1.1
Check: CRAN incoming feasibility
Result: NOTE Maintainer: ‘Simon Schwab <schw4b@gmail.com>’ No Authors@R field in DESCRIPTION. Please add one, modifying Authors@R: person(given = "Simon", family = "Schwab", role = c("aut", "cre"), email = "schw4b@gmail.com") as necessary. Flavors: r-devel-linux-x86_64-debian-clang, r-devel-linux-x86_64-debian-gcc

These binaries (installable software) and packages are in development.
They may not be fully stable and should be used with caution. We make no claims about them.