Last updated on 2025-02-16 10:50:45 CET.
Flavor | Version | Tinstall | Tcheck | Ttotal | Status | Flags |
---|---|---|---|---|---|---|
r-devel-linux-x86_64-debian-clang | 2.5.0 | 21.77 | 241.71 | 263.48 | NOTE | |
r-devel-linux-x86_64-debian-gcc | 2.5.0 | 11.59 | 157.28 | 168.87 | NOTE | |
r-devel-linux-x86_64-fedora-clang | 2.5.0 | 426.83 | OK | |||
r-devel-linux-x86_64-fedora-gcc | 2.5.0 | 391.52 | OK | |||
r-devel-macos-arm64 | 2.5.0 | 108.00 | OK | |||
r-devel-macos-x86_64 | 2.5.0 | 208.00 | OK | |||
r-devel-windows-x86_64 | 2.5.0 | 28.00 | 262.00 | 290.00 | NOTE | |
r-patched-linux-x86_64 | 2.5.0 | 28.80 | 225.87 | 254.67 | OK | |
r-release-linux-x86_64 | 2.5.0 | 20.49 | 222.04 | 242.53 | OK | |
r-release-macos-arm64 | 2.5.0 | 103.00 | OK | |||
r-release-macos-x86_64 | 2.5.0 | 192.00 | OK | |||
r-release-windows-x86_64 | 2.5.0 | 26.00 | 259.00 | 285.00 | OK | |
r-oldrel-macos-arm64 | 2.5.0 | 101.00 | OK | |||
r-oldrel-macos-x86_64 | 2.5.0 | 237.00 | OK | |||
r-oldrel-windows-x86_64 | 2.5.0 | 34.00 | 305.00 | 339.00 | OK |
Version: 2.5.0
Check: Rd cross-references
Result: NOTE
Found the following Rd file(s) with Rd \link{} targets missing package
anchors:
get_trackdata.Rd: wrasspOutputInfos, tibble
query.Rd: tibble
requery_hier.Rd: tibble
requery_seq.Rd: tibble
serve.Rd: stopAllServers, httpuv
Please provide package anchors for all Rd \link{} targets not in the
package itself and the base packages.
Flavors: r-devel-linux-x86_64-debian-clang, r-devel-linux-x86_64-debian-gcc, r-devel-windows-x86_64
These binaries (installable software) and packages are in development.
They may not be fully stable and should be used with caution. We make no claims about them.