Last updated on 2025-05-21 23:48:41 CEST.
Flavor | Version | Tinstall | Tcheck | Ttotal | Status | Flags |
---|---|---|---|---|---|---|
r-devel-linux-x86_64-debian-clang | 2.5.0 | 20.73 | 247.76 | 268.49 | NOTE | |
r-devel-linux-x86_64-debian-gcc | 2.5.0 | 14.24 | 158.11 | 172.35 | NOTE | |
r-devel-linux-x86_64-fedora-clang | 2.5.0 | 415.87 | OK | |||
r-devel-linux-x86_64-fedora-gcc | 2.5.0 | 395.14 | OK | |||
r-devel-windows-x86_64 | 2.5.0 | 26.00 | 310.00 | 336.00 | NOTE | |
r-patched-linux-x86_64 | 2.5.0 | 26.43 | 227.62 | 254.05 | NOTE | |
r-release-linux-x86_64 | 2.5.0 | 19.53 | 228.63 | 248.16 | NOTE | |
r-release-macos-arm64 | 2.5.0 | 104.00 | OK | |||
r-release-macos-x86_64 | 2.5.0 | 208.00 | OK | |||
r-release-windows-x86_64 | 2.5.0 | 24.00 | 268.00 | 292.00 | NOTE | |
r-oldrel-macos-arm64 | 2.5.0 | 103.00 | OK | |||
r-oldrel-macos-x86_64 | 2.5.0 | 192.00 | OK | |||
r-oldrel-windows-x86_64 | 2.5.0 | 34.00 | 347.00 | 381.00 | OK |
Version: 2.5.0
Check: Rd cross-references
Result: NOTE
Found the following Rd file(s) with Rd \link{} targets missing package
anchors:
get_trackdata.Rd: wrasspOutputInfos, tibble
query.Rd: tibble
requery_hier.Rd: tibble
requery_seq.Rd: tibble
serve.Rd: stopAllServers, httpuv
Please provide package anchors for all Rd \link{} targets not in the
package itself and the base packages.
Flavors: r-devel-linux-x86_64-debian-clang, r-devel-linux-x86_64-debian-gcc, r-devel-windows-x86_64, r-patched-linux-x86_64, r-release-linux-x86_64, r-release-windows-x86_64
These binaries (installable software) and packages are in development.
They may not be fully stable and should be used with caution. We make no claims about them.