CRAN Package Check Results for Package endoSwitch

Last updated on 2025-02-19 16:50:47 CET.

Flavor Version Tinstall Tcheck Ttotal Status Flags
r-devel-linux-x86_64-debian-clang 1.0.0 2.20 25.00 27.20 NOTE
r-devel-linux-x86_64-debian-gcc 1.0.0 1.70 18.73 20.43 NOTE
r-devel-linux-x86_64-fedora-clang 1.0.0 43.05 OK
r-devel-linux-x86_64-fedora-gcc 1.0.0 40.76 OK
r-devel-macos-arm64 1.0.0 19.00 OK
r-devel-macos-x86_64 1.0.0 30.00 OK
r-devel-windows-x86_64 1.0.0 4.00 46.00 50.00 NOTE
r-patched-linux-x86_64 1.0.0 6.22 23.21 29.43 OK
r-release-linux-x86_64 1.0.0 1.96 23.47 25.43 OK
r-release-macos-arm64 1.0.0 17.00 OK
r-release-macos-x86_64 1.0.0 23.00 OK
r-release-windows-x86_64 1.0.0 4.00 45.00 49.00 OK
r-oldrel-macos-arm64 1.0.0 19.00 OK
r-oldrel-macos-x86_64 1.0.0 23.00 OK
r-oldrel-windows-x86_64 1.0.0 5.00 76.00 81.00 OK

Check Details

Version: 1.0.0
Check: Rd cross-references
Result: NOTE Found the following Rd file(s) with Rd \link{} targets missing package anchors: endoSwitch.Rd: maxLik Please provide package anchors for all Rd \link{} targets not in the package itself and the base packages. Flavors: r-devel-linux-x86_64-debian-clang, r-devel-linux-x86_64-debian-gcc, r-devel-windows-x86_64

These binaries (installable software) and packages are in development.
They may not be fully stable and should be used with caution. We make no claims about them.