Last updated on 2025-07-22 13:49:12 CEST.
Flavor | Version | Tinstall | Tcheck | Ttotal | Status | Flags |
---|---|---|---|---|---|---|
r-devel-linux-x86_64-debian-clang | 1.1.0 | 14.87 | 97.46 | 112.33 | NOTE | |
r-devel-linux-x86_64-debian-gcc | 1.1.0 | 9.23 | 68.75 | 77.98 | NOTE | |
r-devel-linux-x86_64-fedora-clang | 1.1.0 | 168.45 | NOTE | |||
r-devel-linux-x86_64-fedora-gcc | 1.1.0 | 165.74 | NOTE | |||
r-devel-windows-x86_64 | 1.1.0 | 14.00 | 95.00 | 109.00 | NOTE | |
r-patched-linux-x86_64 | 1.1.0 | 14.33 | 89.69 | 104.02 | NOTE | |
r-release-linux-x86_64 | 1.1.0 | 13.38 | 89.33 | 102.71 | NOTE | |
r-release-macos-arm64 | 1.1.0 | 46.00 | NOTE | |||
r-release-macos-x86_64 | 1.1.0 | 86.00 | NOTE | |||
r-release-windows-x86_64 | 1.1.0 | 14.00 | 97.00 | 111.00 | NOTE | |
r-oldrel-macos-arm64 | 1.1.0 | 46.00 | NOTE | |||
r-oldrel-macos-x86_64 | 1.1.0 | 67.00 | NOTE | |||
r-oldrel-windows-x86_64 | 1.1.0 | 20.00 | 126.00 | 146.00 | NOTE |
Version: 1.1.0
Check: CRAN incoming feasibility
Result: NOTE
Maintainer: ‘Fatma Sevinc Kurnaz <fatmasevinckurnaz@gmail.com>’
No Authors@R field in DESCRIPTION.
Please add one, modifying
Authors@R: c(person(given = c("Fatma", "Sevinc"),
family = "Kurnaz",
role = c("aut", "cre"),
email = "fatmasevinckurnaz@gmail.com"),
person(given = "Irene",
family = "Hoffmann",
role = "aut"),
person(given = "Peter",
family = "Filzmoser",
role = "aut"))
as necessary.
Flavors: r-devel-linux-x86_64-debian-clang, r-devel-linux-x86_64-debian-gcc
Version: 1.1.0
Check: Rd files
Result: NOTE
checkRd: (-1) enetLTS-package.Rd:41: Lost braces; missing escapes or markup?
41 | \code{family="binomial"} should be a factor with two levels which is coded as \code{0} and {1}.
| ^
Flavors: r-devel-linux-x86_64-debian-clang, r-devel-linux-x86_64-debian-gcc, r-devel-linux-x86_64-fedora-clang, r-devel-linux-x86_64-fedora-gcc, r-devel-windows-x86_64, r-patched-linux-x86_64, r-release-linux-x86_64, r-release-macos-arm64, r-release-macos-x86_64, r-release-windows-x86_64, r-oldrel-macos-arm64, r-oldrel-macos-x86_64, r-oldrel-windows-x86_64
These binaries (installable software) and packages are in development.
They may not be fully stable and should be used with caution. We make no claims about them.