Last updated on 2025-05-01 14:49:08 CEST.
Flavor | Version | Tinstall | Tcheck | Ttotal | Status | Flags |
---|---|---|---|---|---|---|
r-devel-linux-x86_64-debian-clang | 1.2-6 | 1.70 | 23.74 | 25.44 | NOTE | |
r-devel-linux-x86_64-debian-gcc | 1.2-6 | 1.33 | 19.45 | 20.78 | NOTE | |
r-devel-linux-x86_64-fedora-clang | 1.2-6 | 41.63 | OK | |||
r-devel-linux-x86_64-fedora-gcc | 1.2-6 | 51.30 | OK | |||
r-devel-windows-x86_64 | 1.2-6 | 4.00 | 56.00 | 60.00 | OK | |
r-patched-linux-x86_64 | 1.2-6 | 1.90 | 22.78 | 24.68 | OK | |
r-release-linux-x86_64 | OK | |||||
r-release-macos-arm64 | 1.2-6 | 23.00 | OK | |||
r-release-macos-x86_64 | 1.2-6 | 53.00 | OK | |||
r-release-windows-x86_64 | 1.2-6 | 3.00 | 59.00 | 62.00 | OK | |
r-oldrel-macos-arm64 | 1.2-6 | 28.00 | OK | |||
r-oldrel-macos-x86_64 | 1.2-6 | 35.00 | OK | |||
r-oldrel-windows-x86_64 | 1.2-6 | 3.00 | 53.00 | 56.00 | OK |
Version: 1.2-6
Check: CRAN incoming feasibility
Result: NOTE
Maintainer: ‘Bill Venables <Bill.Venables@gmail.com>’
No Authors@R field in DESCRIPTION.
Please add one, modifying
Authors@R: c(person(given = "John",
family = "Fox",
role = "aut"),
person(given = "Bill",
family = "Venables",
role = c("aut", "cre"),
email = "bill.venables@gmail.com"),
person(given = "Anthony",
family = "Damico",
role = "aut"),
person(given = c("Anne", "Pier"),
family = "Salverda",
role = "aut"))
as necessary.
Flavors: r-devel-linux-x86_64-debian-clang, r-devel-linux-x86_64-debian-gcc
These binaries (installable software) and packages are in development.
They may not be fully stable and should be used with caution. We make no claims about them.