Last updated on 2025-05-01 08:52:32 CEST.
Flavor | Version | Tinstall | Tcheck | Ttotal | Status | Flags |
---|---|---|---|---|---|---|
r-devel-linux-x86_64-debian-clang | 1.2.12 | 11.73 | 106.95 | 118.68 | NOTE | |
r-devel-linux-x86_64-debian-gcc | 1.2.12 | 7.15 | 72.19 | 79.34 | OK | |
r-devel-linux-x86_64-fedora-clang | 1.2.12 | 196.26 | OK | |||
r-devel-linux-x86_64-fedora-gcc | 1.2.12 | 172.09 | OK | |||
r-devel-windows-x86_64 | 1.2.12 | 14.00 | 139.00 | 153.00 | OK | |
r-patched-linux-x86_64 | 1.2.12 | 13.41 | 101.05 | 114.46 | OK | |
r-release-linux-x86_64 | OK | |||||
r-release-macos-arm64 | 1.2.12 | 58.00 | OK | |||
r-release-macos-x86_64 | 1.2.12 | 95.00 | OK | |||
r-release-windows-x86_64 | 1.2.12 | 15.00 | 145.00 | 160.00 | OK | |
r-oldrel-macos-arm64 | 1.2.12 | 55.00 | OK | |||
r-oldrel-macos-x86_64 | 1.2.12 | 94.00 | OK | |||
r-oldrel-windows-x86_64 | 1.2.12 | 16.00 | 161.00 | 177.00 | OK |
Version: 1.2.12
Check: examples
Result: NOTE
Examples with CPU (user + system) or elapsed time > 5s
user system elapsed
canada 7.098 0.130 10.002
customAlbers 1.816 0.076 5.192
Flavor: r-devel-linux-x86_64-debian-clang
These binaries (installable software) and packages are in development.
They may not be fully stable and should be used with caution. We make no claims about them.