Last updated on 2025-05-01 08:52:32 CEST.
Flavor | Version | Tinstall | Tcheck | Ttotal | Status | Flags |
---|---|---|---|---|---|---|
r-devel-linux-x86_64-debian-clang | 6.1 | 8.80 | 194.50 | 203.30 | NOTE | |
r-devel-linux-x86_64-debian-gcc | 6.1 | 5.98 | 136.37 | 142.35 | NOTE | |
r-devel-linux-x86_64-fedora-clang | 6.1 | 294.65 | OK | |||
r-devel-linux-x86_64-fedora-gcc | 6.1 | 325.26 | OK | |||
r-devel-windows-x86_64 | 6.1 | 10.00 | 220.00 | 230.00 | OK | |
r-patched-linux-x86_64 | 6.1 | 9.33 | 189.19 | 198.52 | OK | |
r-release-linux-x86_64 | OK | |||||
r-release-macos-arm64 | 6.1 | 100.00 | OK | |||
r-release-macos-x86_64 | 6.1 | 253.00 | OK | |||
r-release-windows-x86_64 | 6.1 | 11.00 | 228.00 | 239.00 | OK | |
r-oldrel-macos-arm64 | 6.1 | 97.00 | OK | |||
r-oldrel-macos-x86_64 | 6.1 | 159.00 | OK | |||
r-oldrel-windows-x86_64 | 6.1 | 13.00 | 285.00 | 298.00 | OK |
Version: 6.1
Check: CRAN incoming feasibility
Result: NOTE
Maintainer: ‘Nan Xiao <me@nanx.me>’
Found the following (possibly) invalid file URIs:
URI: CONTRIBUTING.md
From: README.md
URI: CONDUCT.md
From: README.md
Flavors: r-devel-linux-x86_64-debian-clang, r-devel-linux-x86_64-debian-gcc
These binaries (installable software) and packages are in development.
They may not be fully stable and should be used with caution. We make no claims about them.