Last updated on 2025-02-21 15:51:48 CET.
Flavor | Version | Tinstall | Tcheck | Ttotal | Status | Flags |
---|---|---|---|---|---|---|
r-devel-linux-x86_64-debian-clang | 3.4 | 5.74 | 52.20 | 57.94 | OK | |
r-devel-linux-x86_64-debian-gcc | 3.4 | 3.57 | 38.98 | 42.55 | OK | |
r-devel-linux-x86_64-fedora-clang | 3.4 | 89.96 | OK | |||
r-devel-linux-x86_64-fedora-gcc | 3.4 | 99.08 | OK | |||
r-devel-macos-arm64 | 3.4 | 94.00 | OK | |||
r-devel-macos-x86_64 | 3.4 | 127.00 | OK | |||
r-devel-windows-x86_64 | 3.4 | 13.00 | 171.00 | 184.00 | OK | |
r-patched-linux-x86_64 | 3.4 | 4.59 | 49.13 | 53.72 | OK | |
r-release-linux-x86_64 | 3.4 | 4.80 | 49.42 | 54.22 | OK | |
r-release-macos-arm64 | 3.4 | 112.00 | OK | |||
r-release-macos-x86_64 | 3.4 | 143.00 | OK | |||
r-release-windows-x86_64 | 3.4 | 12.00 | 131.00 | 143.00 | WARN | |
r-oldrel-macos-arm64 | 3.2 | 80.00 | OK | |||
r-oldrel-macos-x86_64 | 3.4 | 127.00 | OK | |||
r-oldrel-windows-x86_64 | 3.4 | 14.00 | 174.00 | 188.00 | OK |
Version: 3.4
Check: whether the package can be loaded with stated dependencies
Result: WARN
Welcome to enrichR
Checking connections ...
Error: package or namespace load failed for 'enrichR':
.onAttach failed in attachNamespace() for 'enrichR', details:
call: curl::curl_fetch_memory(url, handle = handle)
error: Timeout was reached [maayanlab.cloud]: SSL/TLS connection timeout
Execution halted
It looks like this package (or one of its dependent packages) has an
unstated dependence on a standard package. All dependencies must be
declared in DESCRIPTION.
See section 'The DESCRIPTION file' in the 'Writing R Extensions'
manual.
Flavor: r-release-windows-x86_64
These binaries (installable software) and packages are in development.
They may not be fully stable and should be used with caution. We make no claims about them.