Last updated on 2025-05-01 17:56:02 CEST.
Flavor | Version | Tinstall | Tcheck | Ttotal | Status | Flags |
---|---|---|---|---|---|---|
r-devel-linux-x86_64-debian-clang | 0.8.2 | 8.75 | 66.92 | 75.67 | NOTE | |
r-devel-linux-x86_64-debian-gcc | 0.8.2 | 5.63 | 44.48 | 50.11 | NOTE | |
r-devel-linux-x86_64-fedora-clang | 0.8.2 | 126.94 | OK | |||
r-devel-linux-x86_64-fedora-gcc | 0.8.2 | 117.61 | OK | |||
r-devel-windows-x86_64 | 0.8.2 | 9.00 | 88.00 | 97.00 | OK | |
r-patched-linux-x86_64 | 0.8.2 | 7.44 | 64.29 | 71.73 | OK | |
r-release-linux-x86_64 | OK | |||||
r-release-macos-arm64 | 0.8.2 | 33.00 | OK | |||
r-release-macos-x86_64 | 0.8.2 | 70.00 | OK | |||
r-release-windows-x86_64 | 0.8.2 | 8.00 | 92.00 | 100.00 | OK | |
r-oldrel-macos-arm64 | 0.8.2 | 32.00 | OK | |||
r-oldrel-macos-x86_64 | 0.8.2 | 83.00 | OK | |||
r-oldrel-windows-x86_64 | 0.8.2 | 11.00 | 102.00 | 113.00 | OK |
Version: 0.8.2
Check: CRAN incoming feasibility
Result: NOTE
Maintainer: ‘Sandor Baran <baran.sandor@inf.unideb.hu>’
No Authors@R field in DESCRIPTION.
Please add one, modifying
Authors@R: c(person(given = "RA",
family = "Yuen",
role = "aut"),
person(given = "Sandor",
family = "Baran",
role = c("aut", "cre"),
email = "baran.sandor@inf.unideb.hu"),
person(given = "Chris",
family = "Fraley",
role = "aut"),
person(given = "Tilmann",
family = "Gneiting",
role = "aut"),
person(given = "Sebastian",
family = "Lerch",
role = "aut"),
person(given = "Michael",
family = "Scheuerer",
role = "aut"),
person(given = "Thordis",
family = "Thorarinsdottir",
role = "aut"))
as necessary.
Flavors: r-devel-linux-x86_64-debian-clang, r-devel-linux-x86_64-debian-gcc
These binaries (installable software) and packages are in development.
They may not be fully stable and should be used with caution. We make no claims about them.