Last updated on 2024-07-27 15:50:16 CEST.
Flavor | Version | Tinstall | Tcheck | Ttotal | Status | Flags |
---|---|---|---|---|---|---|
r-devel-linux-x86_64-debian-clang | 1.0.0 | 38.05 | 29.17 | 67.22 | OK | |
r-devel-linux-x86_64-debian-gcc | 1.0.0 | OK | ||||
r-devel-linux-x86_64-fedora-clang | 1.0.0 | 93.27 | NOTE | |||
r-devel-linux-x86_64-fedora-gcc | 1.0.0 | 91.85 | OK | |||
r-devel-windows-x86_64 | 1.0.0 | 46.00 | 47.00 | 93.00 | NOTE | |
r-patched-linux-x86_64 | 1.0.0 | OK | ||||
r-release-linux-x86_64 | 1.0.0 | 38.18 | 28.07 | 66.25 | OK | |
r-release-macos-arm64 | 1.0.0 | 52.00 | NOTE | |||
r-release-macos-x86_64 | 1.0.0 | 56.00 | NOTE | |||
r-release-windows-x86_64 | 1.0.0 | 47.00 | 46.00 | 93.00 | NOTE | |
r-oldrel-macos-arm64 | 1.0.0 | 62.00 | NOTE | |||
r-oldrel-macos-x86_64 | 1.0.0 | 117.00 | NOTE | |||
r-oldrel-windows-x86_64 | 1.0.0 | 39.00 | 47.00 | 86.00 | NOTE |
Version: 1.0.0
Check: installed package size
Result: NOTE
installed size is 7.4Mb
sub-directories of 1Mb or more:
data 7.3Mb
Flavors: r-devel-linux-x86_64-fedora-clang, r-devel-windows-x86_64, r-release-macos-arm64, r-release-macos-x86_64, r-release-windows-x86_64, r-oldrel-macos-arm64, r-oldrel-macos-x86_64, r-oldrel-windows-x86_64
These binaries (installable software) and packages are in development.
They may not be fully stable and should be used with caution. We make no claims about them.