CRAN Package Check Results for Package entrymodels

Last updated on 2025-02-19 16:50:47 CET.

Flavor Version Tinstall Tcheck Ttotal Status Flags
r-devel-linux-x86_64-debian-clang 0.2.1 4.35 37.24 41.59 OK
r-devel-linux-x86_64-debian-gcc 0.2.1 3.04 27.11 30.15 OK
r-devel-linux-x86_64-fedora-clang 0.2.1 67.46 OK
r-devel-linux-x86_64-fedora-gcc 0.2.1 62.20 OK
r-devel-macos-arm64 0.2.1 26.00 OK
r-devel-macos-x86_64 0.2.1 40.00 OK
r-devel-windows-x86_64 0.2.1 6.00 56.00 62.00 OK
r-patched-linux-x86_64 0.2.1 4.27 35.78 40.05 NOTE
r-release-linux-x86_64 0.2.1 4.30 34.68 38.98 NOTE
r-release-macos-arm64 0.2.1 24.00 NOTE
r-release-macos-x86_64 0.2.1 33.00 NOTE
r-release-windows-x86_64 0.2.1 6.00 53.00 59.00 NOTE
r-oldrel-macos-arm64 0.2.1 27.00 NOTE
r-oldrel-macos-x86_64 0.2.1 33.00 NOTE
r-oldrel-windows-x86_64 0.2.1 7.00 57.00 64.00 NOTE

Check Details

Version: 0.2.1
Check: LazyData
Result: NOTE 'LazyData' is specified without a 'data' directory Flavors: r-patched-linux-x86_64, r-release-linux-x86_64, r-release-macos-arm64, r-release-macos-x86_64, r-release-windows-x86_64, r-oldrel-macos-arm64, r-oldrel-macos-x86_64, r-oldrel-windows-x86_64

These binaries (installable software) and packages are in development.
They may not be fully stable and should be used with caution. We make no claims about them.