Last updated on 2025-10-23 11:50:12 CEST.
Flavor | Version | Tinstall | Tcheck | Ttotal | Status | Flags |
---|---|---|---|---|---|---|
r-devel-linux-x86_64-debian-clang | 0.8.0 | 7.71 | 66.64 | 74.35 | NOTE | |
r-devel-linux-x86_64-debian-gcc | 0.8.0 | 5.31 | 47.04 | 52.35 | OK | |
r-devel-linux-x86_64-fedora-clang | 0.8.0 | 18.00 | 95.43 | 113.43 | OK | |
r-devel-linux-x86_64-fedora-gcc | 0.8.0 | 16.00 | 104.33 | 120.33 | OK | |
r-devel-windows-x86_64 | 0.8.0 | 10.00 | 112.00 | 122.00 | OK | |
r-patched-linux-x86_64 | 0.8.0 | 7.68 | 61.80 | 69.48 | OK | |
r-release-linux-x86_64 | 0.8.0 | 7.59 | 63.11 | 70.70 | OK | |
r-release-macos-arm64 | 0.8.0 | 4.00 | 39.00 | 43.00 | OK | |
r-release-macos-x86_64 | 0.8.0 | 7.00 | 91.00 | 98.00 | OK | |
r-release-windows-x86_64 | 0.8.0 | 10.00 | 116.00 | 126.00 | OK | |
r-oldrel-macos-arm64 | 0.8.0 | 4.00 | 43.00 | 47.00 | OK | |
r-oldrel-macos-x86_64 | 0.8.0 | 7.00 | 74.00 | 81.00 | OK | |
r-oldrel-windows-x86_64 | 0.8.0 | 14.00 | 131.00 | 145.00 | OK |
Version: 0.8.0
Check: HTML version of manual
Result: NOTE
Found the following HTML validation problems:
plotanno.html:50:1 (plotanno.Rd:12): Warning: missing </ul> before </div>
Flavor: r-devel-linux-x86_64-debian-clang
These binaries (installable software) and packages are in development.
They may not be fully stable and should be used with caution. We make no claims about them.