CRAN Package Check Results for Package envnames

Last updated on 2025-05-08 04:52:04 CEST.

Flavor Version Tinstall Tcheck Ttotal Status Flags
r-devel-linux-x86_64-debian-clang 0.4.1 3.80 75.09 78.89 NOTE
r-devel-linux-x86_64-debian-gcc 0.4.1 2.70 50.76 53.46 NOTE
r-devel-linux-x86_64-fedora-clang 0.4.1 125.52 OK
r-devel-linux-x86_64-fedora-gcc 0.4.1 143.15 OK
r-devel-windows-x86_64 0.4.1 7.00 111.00 118.00 OK
r-patched-linux-x86_64 0.4.1 3.81 70.30 74.11 OK
r-release-linux-x86_64 0.4.1 3.24 71.88 75.12 OK
r-release-macos-arm64 0.4.1 47.00 OK
r-release-macos-x86_64 0.4.1 92.00 OK
r-release-windows-x86_64 0.4.1 8.00 114.00 122.00 OK
r-oldrel-macos-arm64 0.4.1 44.00 OK
r-oldrel-macos-x86_64 0.4.1 70.00 OK
r-oldrel-windows-x86_64 0.4.1 8.00 129.00 137.00 OK

Check Details

Version: 0.4.1
Check: CRAN incoming feasibility
Result: NOTE Maintainer: ‘Daniel Mastropietro <mastropi@uwalumni.com>’ No Authors@R field in DESCRIPTION. Please add one, modifying Authors@R: person(given = "Daniel", family = "Mastropietro", role = c("aut", "cre"), email = "mastropi@uwalumni.com") as necessary. Flavors: r-devel-linux-x86_64-debian-clang, r-devel-linux-x86_64-debian-gcc

These binaries (installable software) and packages are in development.
They may not be fully stable and should be used with caution. We make no claims about them.