CRAN Package Check Results for Package envvar

Last updated on 2025-05-01 12:49:27 CEST.

Flavor Version Tinstall Tcheck Ttotal Status Flags
r-devel-linux-x86_64-debian-clang 0.1.2 1.95 31.55 33.50 NOTE
r-devel-linux-x86_64-debian-gcc 0.1.2 1.56 24.00 25.56 NOTE
r-devel-linux-x86_64-fedora-clang 0.1.2 52.21 NOTE
r-devel-linux-x86_64-fedora-gcc 0.1.2 48.31 NOTE
r-devel-windows-x86_64 0.1.2 3.00 53.00 56.00 NOTE
r-patched-linux-x86_64 0.1.2 2.04 28.67 30.71 NOTE
r-release-linux-x86_64 NOTE
r-release-macos-arm64 0.1.2 23.00 NOTE
r-release-macos-x86_64 0.1.2 46.00 NOTE
r-release-windows-x86_64 0.1.2 3.00 56.00 59.00 NOTE
r-oldrel-macos-arm64 0.1.2 22.00 OK
r-oldrel-macos-x86_64 0.1.2 49.00 OK
r-oldrel-windows-x86_64 0.1.2 3.00 54.00 57.00 OK

Check Details

Version: 0.1.2
Check: DESCRIPTION meta-information
Result: NOTE Missing dependency on R >= 4.1.0 because package code uses the pipe |> or function shorthand \(...) syntax added in R 4.1.0. File(s) using such syntax: ‘network.Rd’ ‘types.Rd’ Flavors: r-devel-linux-x86_64-debian-clang, r-devel-linux-x86_64-debian-gcc, r-devel-linux-x86_64-fedora-clang, r-devel-linux-x86_64-fedora-gcc, r-devel-windows-x86_64, r-patched-linux-x86_64, r-release-linux-x86_64, r-release-macos-arm64, r-release-macos-x86_64, r-release-windows-x86_64

These binaries (installable software) and packages are in development.
They may not be fully stable and should be used with caution. We make no claims about them.