CRAN Package Check Results for Package envvar

Last updated on 2025-10-03 03:50:38 CEST.

Flavor Version Tinstall Tcheck Ttotal Status Flags
r-devel-linux-x86_64-debian-clang 0.1.2 1.70 33.15 34.85 NOTE
r-devel-linux-x86_64-debian-gcc 0.1.2 1.28 24.86 26.14 NOTE
r-devel-linux-x86_64-fedora-clang 0.1.2 51.71 NOTE
r-devel-linux-x86_64-fedora-gcc 0.1.2 48.54 NOTE
r-devel-windows-x86_64 0.1.2 4.00 50.00 54.00 NOTE
r-patched-linux-x86_64 0.1.2 2.12 29.95 32.07 NOTE
r-release-linux-x86_64 0.1.2 1.84 29.98 31.82 NOTE
r-release-macos-arm64 0.1.2 23.00 NOTE
r-release-macos-x86_64 0.1.2 46.00 NOTE
r-release-windows-x86_64 0.1.2 3.00 59.00 62.00 NOTE
r-oldrel-macos-arm64 0.1.2 22.00 OK
r-oldrel-macos-x86_64 0.1.2 49.00 OK
r-oldrel-windows-x86_64 0.1.2 4.00 53.00 57.00 OK

Check Details

Version: 0.1.2
Check: DESCRIPTION meta-information
Result: NOTE Missing dependency on R >= 4.1.0 because package code uses the pipe |> or function shorthand \(...) syntax added in R 4.1.0. File(s) using such syntax: ‘network.Rd’ ‘types.Rd’ Flavors: r-devel-linux-x86_64-debian-clang, r-devel-linux-x86_64-debian-gcc, r-devel-linux-x86_64-fedora-clang, r-devel-linux-x86_64-fedora-gcc, r-devel-windows-x86_64, r-patched-linux-x86_64, r-release-linux-x86_64, r-release-macos-arm64, r-release-macos-x86_64, r-release-windows-x86_64

These binaries (installable software) and packages are in development.
They may not be fully stable and should be used with caution. We make no claims about them.