Last updated on 2025-02-16 10:50:45 CET.
Flavor | Version | Tinstall | Tcheck | Ttotal | Status | Flags |
---|---|---|---|---|---|---|
r-devel-linux-x86_64-debian-clang | 0.5.1 | 1.97 | 22.28 | 24.25 | NOTE | |
r-devel-linux-x86_64-debian-gcc | 0.5.1 | 1.42 | 17.41 | 18.83 | NOTE | |
r-devel-linux-x86_64-fedora-clang | 0.5.1 | 39.07 | NOTE | |||
r-devel-linux-x86_64-fedora-gcc | 0.5.1 | 36.61 | NOTE | |||
r-devel-macos-arm64 | 0.5.1 | 14.00 | OK | |||
r-devel-macos-x86_64 | 0.5.1 | 28.00 | NOTE | |||
r-devel-windows-x86_64 | 0.5.1 | 4.00 | 53.00 | 57.00 | NOTE | |
r-patched-linux-x86_64 | 0.5.1 | 1.87 | 20.69 | 22.56 | OK | |
r-release-linux-x86_64 | 0.5.1 | 1.60 | 20.90 | 22.50 | OK | |
r-release-macos-arm64 | 0.5.1 | 19.00 | OK | |||
r-release-macos-x86_64 | 0.5.1 | 28.00 | OK | |||
r-release-windows-x86_64 | 0.5.1 | 4.00 | 52.00 | 56.00 | OK | |
r-oldrel-macos-arm64 | 0.5.1 | 22.00 | OK | |||
r-oldrel-macos-x86_64 | 0.5.1 | 34.00 | OK | |||
r-oldrel-windows-x86_64 | 0.5.1 | 3.00 | 53.00 | 56.00 | OK |
Version: 0.5.1
Check: DESCRIPTION meta-information
Result: NOTE
Missing dependency on R >= 4.1.0 because package code uses the pipe
|> or function shorthand \(...) syntax added in R 4.1.0.
File(s) using such syntax:
‘dividends.R’ ‘financials.R’ ‘ipos.R’ ‘news.R’ ‘prices.R’ ‘splits.R’
Flavors: r-devel-linux-x86_64-debian-clang, r-devel-linux-x86_64-debian-gcc, r-devel-linux-x86_64-fedora-clang, r-devel-linux-x86_64-fedora-gcc, r-devel-macos-x86_64, r-devel-windows-x86_64
These binaries (installable software) and packages are in development.
They may not be fully stable and should be used with caution. We make no claims about them.