CRAN Package Check Results for Package epandist

Last updated on 2025-02-16 10:50:45 CET.

Flavor Version Tinstall Tcheck Ttotal Status Flags
r-devel-linux-x86_64-debian-clang 1.1.1 1.68 21.25 22.93 OK
r-devel-linux-x86_64-debian-gcc 1.1.1 1.32 17.32 18.64 OK
r-devel-linux-x86_64-fedora-clang 1.1.1 39.33 OK
r-devel-linux-x86_64-fedora-gcc 1.1.1 49.69 OK
r-devel-macos-arm64 1.1.1 20.00 OK
r-devel-macos-x86_64 1.1.1 39.00 OK
r-devel-windows-x86_64 1.1.1 4.00 43.00 47.00 OK
r-patched-linux-x86_64 1.1.1 1.51 20.03 21.54 NOTE
r-release-linux-x86_64 1.1.1 1.47 20.16 21.63 NOTE
r-release-macos-arm64 1.1.1 22.00 NOTE
r-release-macos-x86_64 1.1.1 34.00 NOTE
r-release-windows-x86_64 1.1.1 3.00 44.00 47.00 NOTE
r-oldrel-macos-arm64 1.1.1 23.00 NOTE
r-oldrel-macos-x86_64 1.1.1 32.00 NOTE
r-oldrel-windows-x86_64 1.1.1 3.00 60.00 63.00 NOTE

Check Details

Version: 1.1.1
Check: LazyData
Result: NOTE 'LazyData' is specified without a 'data' directory Flavors: r-patched-linux-x86_64, r-release-linux-x86_64, r-release-macos-arm64, r-release-macos-x86_64, r-release-windows-x86_64, r-oldrel-macos-arm64, r-oldrel-macos-x86_64, r-oldrel-windows-x86_64

These binaries (installable software) and packages are in development.
They may not be fully stable and should be used with caution. We make no claims about them.