Last updated on 2025-05-03 22:49:52 CEST.
Flavor | Version | Tinstall | Tcheck | Ttotal | Status | Flags |
---|---|---|---|---|---|---|
r-devel-linux-x86_64-debian-clang | 0.7.3 | 3.23 | 36.97 | 40.20 | NOTE | |
r-devel-linux-x86_64-debian-gcc | 0.7.3 | 2.51 | 26.83 | 29.34 | NOTE | |
r-devel-linux-x86_64-fedora-clang | 0.7.3 | 61.10 | NOTE | |||
r-devel-linux-x86_64-fedora-gcc | 0.7.3 | 60.15 | NOTE | |||
r-devel-windows-x86_64 | 0.7.3 | 5.00 | 58.00 | 63.00 | OK | |
r-patched-linux-x86_64 | 0.7.3 | 3.10 | 34.12 | 37.22 | NOTE | |
r-release-linux-x86_64 | NOTE | |||||
r-release-macos-arm64 | 0.7.3 | 23.00 | OK | |||
r-release-macos-x86_64 | 0.7.3 | 40.00 | OK | |||
r-release-windows-x86_64 | 0.7.3 | 4.00 | 57.00 | 61.00 | OK | |
r-oldrel-macos-arm64 | 0.7.3 | 21.00 | OK | |||
r-oldrel-macos-x86_64 | 0.7.3 | 32.00 | OK | |||
r-oldrel-windows-x86_64 | 0.7.3 | 5.00 | 66.00 | 71.00 | OK |
Version: 0.7.3
Check: CRAN incoming feasibility
Result: NOTE
Maintainer: ‘Bradley Eck <brad@bradeck.net>’
No Authors@R field in DESCRIPTION.
Please add one, modifying
Authors@R: c(person(given = c("Bradley", "J."),
family = "Eck",
role = "aut"),
person(given = "Bradley",
family = "Eck",
role = "cre",
email = "brad@bradeck.net"))
as necessary.
Flavors: r-devel-linux-x86_64-debian-clang, r-devel-linux-x86_64-debian-gcc
Version: 0.7.3
Check: for non-standard things in the check directory
Result: NOTE
Found the following files/directories:
‘Net1-fromR.inp’
Flavors: r-devel-linux-x86_64-debian-clang, r-devel-linux-x86_64-debian-gcc, r-devel-linux-x86_64-fedora-clang, r-devel-linux-x86_64-fedora-gcc, r-patched-linux-x86_64, r-release-linux-x86_64
These binaries (installable software) and packages are in development.
They may not be fully stable and should be used with caution. We make no claims about them.