CRAN Package Check Results for Package epca

Last updated on 2025-02-23 01:51:39 CET.

Flavor Version Tinstall Tcheck Ttotal Status Flags
r-devel-linux-x86_64-debian-clang 1.1.0 2.22 41.29 43.51 NOTE
r-devel-linux-x86_64-debian-gcc 1.1.0 1.33 31.07 32.40 NOTE
r-devel-linux-x86_64-fedora-clang 1.1.0 73.54 NOTE
r-devel-linux-x86_64-fedora-gcc 1.1.0 80.52 NOTE
r-devel-macos-arm64 1.1.0 32.00 NOTE
r-devel-macos-x86_64 1.1.0 77.00 NOTE
r-devel-windows-x86_64 1.1.0 3.00 73.00 76.00 NOTE
r-patched-linux-x86_64 1.1.0 2.10 38.79 40.89 NOTE
r-release-linux-x86_64 1.1.0 2.31 38.02 40.33 NOTE
r-release-macos-arm64 1.1.0 31.00 NOTE
r-release-macos-x86_64 1.1.0 72.00 NOTE
r-release-windows-x86_64 1.1.0 4.00 66.00 70.00 NOTE
r-oldrel-macos-arm64 1.1.0 31.00 OK
r-oldrel-macos-x86_64 1.1.0 71.00 OK
r-oldrel-windows-x86_64 1.1.0 4.00 76.00 80.00 OK

Check Details

Version: 1.1.0
Check: Rd files
Result: NOTE checkRd: (-1) misClustRate.Rd:18: Lost braces; missing escapes or markup? 18 | Compute the empirical MCR, assuming that #{cluster} = #{block}, | ^ checkRd: (-1) misClustRate.Rd:18: Lost braces; missing escapes or markup? 18 | Compute the empirical MCR, assuming that #{cluster} = #{block}, | ^ Flavors: r-devel-linux-x86_64-debian-clang, r-devel-linux-x86_64-debian-gcc, r-devel-linux-x86_64-fedora-clang, r-devel-linux-x86_64-fedora-gcc, r-devel-macos-arm64, r-devel-macos-x86_64, r-devel-windows-x86_64, r-patched-linux-x86_64, r-release-linux-x86_64, r-release-macos-arm64, r-release-macos-x86_64, r-release-windows-x86_64

These binaries (installable software) and packages are in development.
They may not be fully stable and should be used with caution. We make no claims about them.