Last updated on 2025-11-13 03:51:00 CET.
| Flavor | Version | Tinstall | Tcheck | Ttotal | Status | Flags |
|---|---|---|---|---|---|---|
| r-devel-linux-x86_64-debian-clang | 1.1.0 | 2.28 | 47.48 | 49.76 | NOTE | |
| r-devel-linux-x86_64-debian-gcc | 1.1.0 | 1.69 | 36.39 | 38.08 | NOTE | |
| r-devel-linux-x86_64-fedora-clang | 1.1.0 | 81.56 | NOTE | |||
| r-devel-linux-x86_64-fedora-gcc | 1.1.0 | 84.94 | NOTE | |||
| r-devel-windows-x86_64 | 1.1.0 | 4.00 | 68.00 | 72.00 | NOTE | |
| r-patched-linux-x86_64 | 1.1.0 | 2.31 | 43.42 | 45.73 | NOTE | |
| r-release-linux-x86_64 | 1.1.0 | 2.32 | 44.54 | 46.86 | NOTE | |
| r-release-macos-arm64 | 1.1.0 | 2.00 | 38.00 | 40.00 | NOTE | |
| r-release-macos-x86_64 | 1.1.0 | 3.00 | 79.00 | 82.00 | NOTE | |
| r-release-windows-x86_64 | 1.1.0 | 4.00 | 72.00 | 76.00 | NOTE | |
| r-oldrel-macos-arm64 | 1.1.0 | 1.00 | 30.00 | 31.00 | NOTE | |
| r-oldrel-macos-x86_64 | 1.1.0 | 3.00 | 69.00 | 72.00 | NOTE | |
| r-oldrel-windows-x86_64 | 1.1.0 | 5.00 | 78.00 | 83.00 | NOTE |
Version: 1.1.0
Check: Rd files
Result: NOTE
checkRd: (-1) misClustRate.Rd:18: Lost braces; missing escapes or markup?
18 | Compute the empirical MCR, assuming that #{cluster} = #{block},
| ^
checkRd: (-1) misClustRate.Rd:18: Lost braces; missing escapes or markup?
18 | Compute the empirical MCR, assuming that #{cluster} = #{block},
| ^
Flavors: r-devel-linux-x86_64-debian-clang, r-devel-linux-x86_64-debian-gcc, r-devel-linux-x86_64-fedora-clang, r-devel-linux-x86_64-fedora-gcc, r-devel-windows-x86_64, r-patched-linux-x86_64, r-release-linux-x86_64, r-release-macos-arm64, r-release-macos-x86_64, r-release-windows-x86_64, r-oldrel-macos-arm64, r-oldrel-macos-x86_64, r-oldrel-windows-x86_64
These binaries (installable software) and packages are in development.
They may not be fully stable and should be used with caution. We make no claims about them.