Last updated on 2025-05-01 17:56:02 CEST.
Flavor | Version | Tinstall | Tcheck | Ttotal | Status | Flags |
---|---|---|---|---|---|---|
r-devel-linux-x86_64-debian-clang | 0.1.0 | 7.27 | 62.20 | 69.47 | NOTE | |
r-devel-linux-x86_64-debian-gcc | 0.1.0 | 4.97 | 44.82 | 49.79 | NOTE | |
r-devel-linux-x86_64-fedora-clang | 0.1.0 | 99.46 | OK | |||
r-devel-linux-x86_64-fedora-gcc | 0.1.0 | 93.91 | OK | |||
r-devel-windows-x86_64 | 0.1.0 | 11.00 | 78.00 | 89.00 | OK | |
r-patched-linux-x86_64 | 0.1.0 | 6.45 | 57.92 | 64.37 | OK | |
r-release-linux-x86_64 | OK | |||||
r-release-macos-arm64 | 0.1.0 | 34.00 | OK | |||
r-release-macos-x86_64 | 0.1.0 | 71.00 | OK | |||
r-release-windows-x86_64 | 0.1.0 | 10.00 | 86.00 | 96.00 | OK | |
r-oldrel-macos-arm64 | 0.1.0 | 28.00 | OK | |||
r-oldrel-macos-x86_64 | 0.1.0 | 45.00 | OK | |||
r-oldrel-windows-x86_64 | 0.1.0 | 11.00 | 90.00 | 101.00 | OK |
Version: 0.1.0
Check: CRAN incoming feasibility
Result: NOTE
Maintainer: ‘Tanujit Chakraborty <tanujitisi@gmail.com>’
The Description field contains
et al. (2023) <arXiv:2206.10696> <doi:10.1016/j.chaos.2023.113124>.
Please refer to arXiv e-prints via their arXiv DOI <doi:10.48550/arXiv.YYMM.NNNNN>.
Flavors: r-devel-linux-x86_64-debian-clang, r-devel-linux-x86_64-debian-gcc
Version: 0.1.0
Check: examples
Result: NOTE
Examples with CPU (user + system) or elapsed time > 5s
user system elapsed
ewnet 4.638 0.098 5.672
Flavor: r-devel-linux-x86_64-debian-clang
These binaries (installable software) and packages are in development.
They may not be fully stable and should be used with caution. We make no claims about them.