Last updated on 2025-07-02 01:51:36 CEST.
Flavor | Version | Tinstall | Tcheck | Ttotal | Status | Flags |
---|---|---|---|---|---|---|
r-devel-linux-x86_64-debian-clang | 0.4.0 | 5.63 | 48.83 | 54.46 | OK | |
r-devel-linux-x86_64-debian-gcc | 0.4.0 | 4.37 | 37.23 | 41.60 | OK | |
r-devel-linux-x86_64-fedora-clang | 0.4.0 | 83.71 | NOTE | |||
r-devel-linux-x86_64-fedora-gcc | 0.4.0 | 76.72 | NOTE | |||
r-devel-windows-x86_64 | 0.4.0 | 8.00 | 87.00 | 95.00 | OK | |
r-patched-linux-x86_64 | OK | |||||
r-release-linux-x86_64 | 0.4.0 | 5.62 | 44.96 | 50.58 | OK | |
r-release-macos-arm64 | 0.4.0 | 53.00 | OK | |||
r-release-macos-x86_64 | 0.4.0 | 78.00 | OK | |||
r-release-windows-x86_64 | 0.4.0 | 8.00 | 95.00 | 103.00 | OK | |
r-oldrel-macos-arm64 | 0.4.0 | 51.00 | OK | |||
r-oldrel-macos-x86_64 | 0.4.0 | 59.00 | OK | |||
r-oldrel-windows-x86_64 | 0.4.0 | 11.00 | 99.00 | 110.00 | OK |
Version: 0.4.0
Check: dependencies in R code
Result: NOTE
Namespace in Imports field not imported from: ‘tinytest’
All declared Imports should be used.
Flavors: r-devel-linux-x86_64-fedora-clang, r-devel-linux-x86_64-fedora-gcc
These binaries (installable software) and packages are in development.
They may not be fully stable and should be used with caution. We make no claims about them.