Last updated on 2024-07-27 15:50:16 CEST.
Flavor | Version | Tinstall | Tcheck | Ttotal | Status | Flags |
---|---|---|---|---|---|---|
r-devel-linux-x86_64-debian-clang | 0.4.0 | 6.89 | 58.08 | 64.97 | OK | |
r-devel-linux-x86_64-debian-gcc | 0.4.0 | OK | ||||
r-devel-linux-x86_64-fedora-clang | 0.4.0 | 82.95 | NOTE | |||
r-devel-linux-x86_64-fedora-gcc | 0.4.0 | 77.69 | NOTE | |||
r-devel-windows-x86_64 | 0.4.0 | 8.00 | 84.00 | 92.00 | OK | |
r-patched-linux-x86_64 | 0.4.0 | OK | ||||
r-release-linux-x86_64 | 0.4.0 | 4.78 | 55.78 | 60.56 | OK | |
r-release-macos-arm64 | 0.4.0 | 51.00 | OK | |||
r-release-macos-x86_64 | 0.4.0 | 59.00 | OK | |||
r-release-windows-x86_64 | 0.4.0 | 7.00 | 85.00 | 92.00 | OK | |
r-oldrel-macos-arm64 | 0.4.0 | 50.00 | OK | |||
r-oldrel-macos-x86_64 | 0.4.0 | 62.00 | OK | |||
r-oldrel-windows-x86_64 | 0.4.0 | 10.00 | 89.00 | 99.00 | OK |
Version: 0.4.0
Check: dependencies in R code
Result: NOTE
Namespace in Imports field not imported from: ‘tinytest’
All declared Imports should be used.
Flavors: r-devel-linux-x86_64-fedora-clang, r-devel-linux-x86_64-fedora-gcc
These binaries (installable software) and packages are in development.
They may not be fully stable and should be used with caution. We make no claims about them.