CRAN Package Check Results for Package epidatr

Last updated on 2025-11-12 12:53:09 CET.

Flavor Version Tinstall Tcheck Ttotal Status Flags
r-devel-linux-x86_64-debian-clang 1.2.1 5.19 73.25 78.44 OK
r-devel-linux-x86_64-debian-gcc 1.2.1 4.06 55.05 59.11 OK
r-devel-linux-x86_64-fedora-clang 1.2.1 13.00 103.69 116.69 NOTE
r-devel-linux-x86_64-fedora-gcc 1.2.1 11.00 114.63 125.63 NOTE
r-devel-windows-x86_64 1.2.1 9.00 102.00 111.00 OK
r-patched-linux-x86_64 1.2.1 5.89 66.41 72.30 OK
r-release-linux-x86_64 1.2.1 5.57 67.08 72.65 OK
r-release-macos-arm64 1.2.1 2.00 54.00 56.00 OK
r-release-macos-x86_64 1.2.1 4.00 88.00 92.00 OK
r-release-windows-x86_64 1.2.1 10.00 100.00 110.00 OK
r-oldrel-macos-arm64 1.2.1 3.00 51.00 54.00 OK
r-oldrel-macos-x86_64 1.2.1 4.00 82.00 86.00 OK
r-oldrel-windows-x86_64 1.2.1 11.00 117.00 128.00 OK

Check Details

Version: 1.2.1
Check: dependencies in R code
Result: NOTE Namespace in Imports field not imported from: ‘readr’ All declared Imports should be used. Flavors: r-devel-linux-x86_64-fedora-clang, r-devel-linux-x86_64-fedora-gcc

These binaries (installable software) and packages are in development.
They may not be fully stable and should be used with caution. We make no claims about them.