Last updated on 2025-05-08 04:52:04 CEST.
Flavor | Version | Tinstall | Tcheck | Ttotal | Status | Flags |
---|---|---|---|---|---|---|
r-devel-linux-x86_64-debian-clang | 0.2.1 | 4.33 | 79.15 | 83.48 | NOTE | |
r-devel-linux-x86_64-debian-gcc | 0.2.1 | 2.96 | 58.58 | 61.54 | NOTE | |
r-devel-linux-x86_64-fedora-clang | 0.2.1 | 137.30 | OK | |||
r-devel-linux-x86_64-fedora-gcc | 0.2.1 | 151.49 | OK | |||
r-devel-windows-x86_64 | 0.2.1 | 7.00 | 101.00 | 108.00 | NOTE | |
r-patched-linux-x86_64 | 0.2.1 | 4.76 | 75.49 | 80.25 | NOTE | |
r-release-linux-x86_64 | 0.2.1 | 3.10 | 74.56 | 77.66 | NOTE | |
r-release-macos-arm64 | 0.2.1 | 60.00 | OK | |||
r-release-macos-x86_64 | 0.2.1 | 91.00 | OK | |||
r-release-windows-x86_64 | 0.2.1 | 7.00 | 103.00 | 110.00 | NOTE | |
r-oldrel-macos-arm64 | 0.2.1 | 48.00 | OK | |||
r-oldrel-macos-x86_64 | 0.2.1 | 76.00 | OK | |||
r-oldrel-windows-x86_64 | 0.2.1 | 9.00 | 120.00 | 129.00 | OK |
Version: 0.2.1
Check: Rd cross-references
Result: NOTE
Found the following Rd file(s) with Rd \link{} targets missing package
anchors:
sub-.epiflows.Rd: [.epicontacts
Please provide package anchors for all Rd \link{} targets not in the
package itself and the base packages.
Flavors: r-devel-linux-x86_64-debian-clang, r-devel-linux-x86_64-debian-gcc, r-devel-windows-x86_64, r-patched-linux-x86_64, r-release-linux-x86_64, r-release-windows-x86_64
These binaries (installable software) and packages are in development.
They may not be fully stable and should be used with caution. We make no claims about them.