CRAN Package Check Results for Package epiflows

Last updated on 2025-02-16 10:50:45 CET.

Flavor Version Tinstall Tcheck Ttotal Status Flags
r-devel-linux-x86_64-debian-clang 0.2.1 4.37 76.71 81.08 NOTE
r-devel-linux-x86_64-debian-gcc 0.2.1 2.91 57.47 60.38 NOTE
r-devel-linux-x86_64-fedora-clang 0.2.1 134.16 OK
r-devel-linux-x86_64-fedora-gcc 0.2.1 141.69 OK
r-devel-macos-arm64 0.2.1 55.00 OK
r-devel-macos-x86_64 0.2.1 91.00 OK
r-devel-windows-x86_64 0.2.1 6.00 99.00 105.00 NOTE
r-patched-linux-x86_64 0.2.1 9.45 71.17 80.62 OK
r-release-linux-x86_64 0.2.1 4.07 73.35 77.42 OK
r-release-macos-arm64 0.2.1 48.00 OK
r-release-macos-x86_64 0.2.1 76.00 OK
r-release-windows-x86_64 0.2.1 7.00 109.00 116.00 OK
r-oldrel-macos-arm64 0.2.1 45.00 OK
r-oldrel-macos-x86_64 0.2.1 94.00 OK
r-oldrel-windows-x86_64 0.2.1 8.00 107.00 115.00 OK

Check Details

Version: 0.2.1
Check: Rd cross-references
Result: NOTE Found the following Rd file(s) with Rd \link{} targets missing package anchors: sub-.epiflows.Rd: [.epicontacts Please provide package anchors for all Rd \link{} targets not in the package itself and the base packages. Flavors: r-devel-linux-x86_64-debian-clang, r-devel-linux-x86_64-debian-gcc, r-devel-windows-x86_64

These binaries (installable software) and packages are in development.
They may not be fully stable and should be used with caution. We make no claims about them.