Last updated on 2025-10-23 11:50:12 CEST.
Flavor | Version | Tinstall | Tcheck | Ttotal | Status | Flags |
---|---|---|---|---|---|---|
r-devel-linux-x86_64-debian-clang | 0.2.3 | 1.85 | 40.64 | 42.49 | NOTE | |
r-devel-linux-x86_64-debian-gcc | 0.2.3 | 1.72 | 32.67 | 34.39 | OK | |
r-devel-linux-x86_64-fedora-clang | 0.2.3 | 12.00 | 54.25 | 66.25 | OK | |
r-devel-linux-x86_64-fedora-gcc | 0.2.3 | 76.15 | OK | |||
r-devel-windows-x86_64 | 0.2.3 | 5.00 | 64.00 | 69.00 | OK | |
r-patched-linux-x86_64 | 0.2.3 | 2.44 | 37.57 | 40.01 | OK | |
r-release-linux-x86_64 | 0.2.3 | 1.78 | 37.78 | 39.56 | OK | |
r-release-macos-arm64 | 0.2.3 | 1.00 | 53.00 | 54.00 | OK | |
r-release-macos-x86_64 | 0.2.3 | 2.00 | 62.00 | 64.00 | OK | |
r-release-windows-x86_64 | 0.2.3 | 4.00 | 64.00 | 68.00 | OK | |
r-oldrel-macos-arm64 | 0.2.3 | 1.00 | 33.00 | 34.00 | OK | |
r-oldrel-macos-x86_64 | 0.2.3 | 2.00 | 45.00 | 47.00 | OK | |
r-oldrel-windows-x86_64 | 0.2.3 | 5.00 | 73.00 | 78.00 | OK |
Version: 0.2.3
Check: HTML version of manual
Result: NOTE
Found the following HTML validation problems:
api_get_request.html:50:1 (api_get_request.Rd:12): Warning: missing </ul> before </div>
api_post_request.html:50:1 (api_post_request.Rd:12): Warning: missing </ul> before </div>
api_request.html:66:1 (api_request.Rd:24): Warning: missing </ul> before </div>
http_condition.html:50:1 (http_condition.Rd:12): Warning: missing </ul> before </div>
stop_for_status.html:50:1 (stop_for_status.Rd:12): Warning: missing </ul> before </div>
Flavor: r-devel-linux-x86_64-debian-clang
These binaries (installable software) and packages are in development.
They may not be fully stable and should be used with caution. We make no claims about them.