Last updated on 2025-11-11 15:50:33 CET.
| Flavor | Version | Tinstall | Tcheck | Ttotal | Status | Flags |
|---|---|---|---|---|---|---|
| r-devel-linux-x86_64-debian-clang | 0.15.4 | 145.80 | 346.65 | 492.45 | OK | |
| r-devel-linux-x86_64-debian-gcc | 0.15.4 | 137.73 | 278.84 | 416.57 | OK | |
| r-devel-linux-x86_64-fedora-clang | 0.15.4 | 254.00 | 506.51 | 760.51 | OK | |
| r-devel-linux-x86_64-fedora-gcc | 0.15.4 | 428.00 | 578.89 | 1006.89 | OK | |
| r-devel-windows-x86_64 | 0.15.4 | 150.00 | 496.00 | 646.00 | OK | |
| r-patched-linux-x86_64 | 0.15.4 | 186.55 | 397.04 | 583.59 | OK | |
| r-release-linux-x86_64 | 0.15.4 | 188.80 | 395.38 | 584.18 | OK | |
| r-release-macos-arm64 | 0.15.4 | 68.00 | 152.00 | 220.00 | OK | |
| r-release-macos-x86_64 | 0.15.4 | 172.00 | 331.00 | 503.00 | OK | |
| r-release-windows-x86_64 | 0.15.4 | 174.00 | 516.00 | 690.00 | OK | |
| r-oldrel-macos-arm64 | 0.15.4 | 51.00 | 142.00 | 193.00 | NOTE | |
| r-oldrel-macos-x86_64 | 0.15.4 | 165.00 | 301.00 | 466.00 | NOTE | |
| r-oldrel-windows-x86_64 | 0.15.4 | 190.00 | 638.00 | 828.00 | NOTE |
Version: 0.15.4
Check: installed package size
Result: NOTE
installed size is 94.2Mb
sub-directories of 1Mb or more:
libs 93.6Mb
Flavors: r-oldrel-macos-arm64, r-oldrel-macos-x86_64, r-oldrel-windows-x86_64
These binaries (installable software) and packages are in development.
They may not be fully stable and should be used with caution. We make no claims about them.