Last updated on 2025-05-03 22:49:52 CEST.
Flavor | Version | Tinstall | Tcheck | Ttotal | Status | Flags |
---|---|---|---|---|---|---|
r-devel-linux-x86_64-debian-clang | 0.15.4 | 151.51 | 339.79 | 491.30 | OK | |
r-devel-linux-x86_64-debian-gcc | 0.15.4 | 131.72 | 276.84 | 408.56 | OK | |
r-devel-linux-x86_64-fedora-clang | 0.15.4 | 871.40 | OK | |||
r-devel-linux-x86_64-fedora-gcc | 0.15.4 | 1136.91 | OK | |||
r-devel-windows-x86_64 | 0.15.4 | 155.00 | 537.00 | 692.00 | OK | |
r-patched-linux-x86_64 | 0.15.4 | 176.02 | 382.49 | 558.51 | OK | |
r-release-linux-x86_64 | OK | |||||
r-release-macos-arm64 | 0.15.4 | 220.00 | OK | |||
r-release-macos-x86_64 | 0.15.4 | 503.00 | OK | |||
r-release-windows-x86_64 | 0.15.4 | 155.00 | 504.00 | 659.00 | OK | |
r-oldrel-macos-arm64 | 0.15.4 | 193.00 | NOTE | |||
r-oldrel-macos-x86_64 | 0.15.4 | 466.00 | NOTE | |||
r-oldrel-windows-x86_64 | 0.15.4 | 186.00 | 651.00 | 837.00 | NOTE |
Version: 0.15.4
Check: installed package size
Result: NOTE
installed size is 94.2Mb
sub-directories of 1Mb or more:
libs 93.6Mb
Flavors: r-oldrel-macos-arm64, r-oldrel-macos-x86_64, r-oldrel-windows-x86_64
These binaries (installable software) and packages are in development.
They may not be fully stable and should be used with caution. We make no claims about them.