CRAN Package Check Results for Package epigrowthfit

Last updated on 2025-07-05 15:50:00 CEST.

Flavor Version Tinstall Tcheck Ttotal Status Flags
r-devel-linux-x86_64-debian-clang 0.15.4 152.93 344.21 497.14 OK
r-devel-linux-x86_64-debian-gcc 0.15.4 133.81 278.54 412.35 OK
r-devel-linux-x86_64-fedora-clang 0.15.4 854.69 OK
r-devel-linux-x86_64-fedora-gcc 0.15.4 1013.83 OK
r-devel-windows-x86_64 0.15.4 152.00 506.00 658.00 OK
r-patched-linux-x86_64 0.15.4 189.31 387.30 576.61 OK
r-release-linux-x86_64 0.15.4 183.87 386.11 569.98 OK
r-release-macos-arm64 0.15.4 220.00 OK
r-release-macos-x86_64 0.15.4 503.00 OK
r-release-windows-x86_64 0.15.4 157.00 496.00 653.00 OK
r-oldrel-macos-arm64 0.15.4 193.00 NOTE
r-oldrel-macos-x86_64 0.15.4 466.00 NOTE
r-oldrel-windows-x86_64 0.15.4 191.00 646.00 837.00 NOTE

Check Details

Version: 0.15.4
Check: installed package size
Result: NOTE installed size is 94.2Mb sub-directories of 1Mb or more: libs 93.6Mb Flavors: r-oldrel-macos-arm64, r-oldrel-macos-x86_64, r-oldrel-windows-x86_64

These binaries (installable software) and packages are in development.
They may not be fully stable and should be used with caution. We make no claims about them.