CRAN Package Check Results for Package epikit

Last updated on 2025-07-27 01:48:21 CEST.

Flavor Version Tinstall Tcheck Ttotal Status Flags
r-devel-linux-x86_64-debian-clang 0.1.6 8.12 79.20 87.32 OK
r-devel-linux-x86_64-debian-gcc 0.1.6 5.04 58.34 63.38 OK
r-devel-linux-x86_64-fedora-clang 0.1.6 141.48 OK
r-devel-linux-x86_64-fedora-gcc 0.1.6 149.91 OK
r-devel-windows-x86_64 0.1.6 12.00 86.00 98.00 OK
r-patched-linux-x86_64 0.1.6 8.75 72.52 81.27 OK
r-release-linux-x86_64 0.1.6 8.29 73.84 82.13 OK
r-release-macos-arm64 0.1.6 50.00 OK
r-release-macos-x86_64 0.1.6 82.00 OK
r-release-windows-x86_64 0.1.6 10.00 86.00 96.00 OK
r-oldrel-macos-arm64 0.1.6 42.00 NOTE
r-oldrel-macos-x86_64 0.1.6 68.00 NOTE
r-oldrel-windows-x86_64 0.1.6 12.00 106.00 118.00 NOTE

Check Details

Version: 0.1.6
Check: package dependencies
Result: NOTE Package suggested but not available for checking: ‘epidict’ Flavors: r-oldrel-macos-arm64, r-oldrel-macos-x86_64, r-oldrel-windows-x86_64

These binaries (installable software) and packages are in development.
They may not be fully stable and should be used with caution. We make no claims about them.