CRAN Package Check Results for Package epikit

Last updated on 2025-10-03 13:49:32 CEST.

Flavor Version Tinstall Tcheck Ttotal Status Flags
r-devel-linux-x86_64-debian-clang 0.1.6 9.13 92.99 102.12 OK
r-devel-linux-x86_64-debian-gcc 0.1.6 6.51 63.76 70.27 OK
r-devel-linux-x86_64-fedora-clang 0.1.6 157.00 OK
r-devel-linux-x86_64-fedora-gcc 0.1.6 164.11 OK
r-devel-windows-x86_64 0.1.6 10.00 95.00 105.00 OK
r-patched-linux-x86_64 0.1.6 7.90 82.96 90.86 OK
r-release-linux-x86_64 0.1.6 8.11 84.23 92.34 OK
r-release-macos-arm64 0.1.6 50.00 OK
r-release-macos-x86_64 0.1.6 82.00 OK
r-release-windows-x86_64 0.1.6 12.00 94.00 106.00 OK
r-oldrel-macos-arm64 0.1.6 42.00 NOTE
r-oldrel-macos-x86_64 0.1.6 68.00 NOTE
r-oldrel-windows-x86_64 0.1.6 14.00 122.00 136.00 NOTE

Check Details

Version: 0.1.6
Check: package dependencies
Result: NOTE Package suggested but not available for checking: ‘epidict’ Flavors: r-oldrel-macos-arm64, r-oldrel-macos-x86_64, r-oldrel-windows-x86_64

These binaries (installable software) and packages are in development.
They may not be fully stable and should be used with caution. We make no claims about them.