Last updated on 2025-05-03 22:49:52 CEST.
Flavor | Version | Tinstall | Tcheck | Ttotal | Status | Flags |
---|---|---|---|---|---|---|
r-devel-linux-x86_64-debian-clang | 0.1.6 | 7.48 | 80.35 | 87.83 | OK | |
r-devel-linux-x86_64-debian-gcc | 0.1.6 | 5.19 | 55.27 | 60.46 | OK | |
r-devel-linux-x86_64-fedora-clang | 0.1.6 | 129.73 | OK | |||
r-devel-linux-x86_64-fedora-gcc | 0.1.6 | 158.94 | OK | |||
r-devel-windows-x86_64 | 0.1.6 | 9.00 | 88.00 | 97.00 | OK | |
r-patched-linux-x86_64 | 0.1.6 | 7.44 | 72.74 | 80.18 | OK | |
r-release-linux-x86_64 | OK | |||||
r-release-macos-arm64 | 0.1.6 | 50.00 | OK | |||
r-release-macos-x86_64 | 0.1.6 | 82.00 | OK | |||
r-release-windows-x86_64 | 0.1.6 | 10.00 | 87.00 | 97.00 | OK | |
r-oldrel-macos-arm64 | 0.1.6 | 42.00 | NOTE | |||
r-oldrel-macos-x86_64 | 0.1.6 | 68.00 | NOTE | |||
r-oldrel-windows-x86_64 | 0.1.6 | 12.00 | 106.00 | 118.00 | NOTE |
Version: 0.1.6
Check: package dependencies
Result: NOTE
Package suggested but not available for checking: ‘epidict’
Flavors: r-oldrel-macos-arm64, r-oldrel-macos-x86_64, r-oldrel-windows-x86_64
These binaries (installable software) and packages are in development.
They may not be fully stable and should be used with caution. We make no claims about them.