CRAN Package Check Results for Package epikit

Last updated on 2025-02-16 10:50:45 CET.

Flavor Version Tinstall Tcheck Ttotal Status Flags
r-devel-linux-x86_64-debian-clang 0.1.6 7.94 70.74 78.68 OK
r-devel-linux-x86_64-debian-gcc 0.1.6 4.39 50.68 55.07 OK
r-devel-linux-x86_64-fedora-clang 0.1.6 129.95 OK
r-devel-linux-x86_64-fedora-gcc 0.1.6 129.22 OK
r-devel-macos-arm64 0.1.6 50.00 OK
r-devel-macos-x86_64 0.1.6 82.00 OK
r-devel-windows-x86_64 0.1.6 10.00 81.00 91.00 OK
r-patched-linux-x86_64 0.1.6 7.11 66.47 73.58 NOTE
r-release-linux-x86_64 0.1.6 6.66 65.62 72.28 NOTE
r-release-macos-arm64 0.1.6 42.00 NOTE
r-release-macos-x86_64 0.1.6 68.00 NOTE
r-release-windows-x86_64 0.1.6 8.00 82.00 90.00 NOTE
r-oldrel-macos-arm64 0.1.6 49.00 NOTE
r-oldrel-macos-x86_64 0.1.6 81.00 NOTE
r-oldrel-windows-x86_64 0.1.6 11.00 107.00 118.00 NOTE

Check Details

Version: 0.1.6
Check: package dependencies
Result: NOTE Package suggested but not available for checking: ‘epidict’ Flavors: r-patched-linux-x86_64, r-release-linux-x86_64, r-release-macos-arm64, r-release-macos-x86_64, r-release-windows-x86_64, r-oldrel-macos-arm64, r-oldrel-macos-x86_64, r-oldrel-windows-x86_64

These binaries (installable software) and packages are in development.
They may not be fully stable and should be used with caution. We make no claims about them.