Last updated on 2025-02-16 10:50:45 CET.
Flavor | Version | Tinstall | Tcheck | Ttotal | Status | Flags |
---|---|---|---|---|---|---|
r-devel-linux-x86_64-debian-clang | 1.1.0 | 12.93 | 113.51 | 126.44 | NOTE | |
r-devel-linux-x86_64-debian-gcc | 1.2.0 | 7.94 | 78.48 | 86.42 | OK | |
r-devel-linux-x86_64-fedora-clang | 1.2.0 | 210.68 | OK | |||
r-devel-linux-x86_64-fedora-gcc | 1.1.0 | 180.89 | NOTE | |||
r-devel-macos-arm64 | 1.1.0 | 60.00 | OK | |||
r-devel-macos-x86_64 | 1.2.0 | 138.00 | OK | |||
r-devel-windows-x86_64 | 1.2.0 | 12.00 | 122.00 | 134.00 | OK | |
r-patched-linux-x86_64 | 1.2.0 | 10.81 | 104.58 | 115.39 | OK | |
r-release-linux-x86_64 | 1.2.0 | 9.54 | 102.94 | 112.48 | OK | |
r-release-macos-arm64 | 1.1.0 | 53.00 | OK | |||
r-release-macos-x86_64 | 1.2.0 | 139.00 | OK | |||
r-release-windows-x86_64 | 1.2.0 | 13.00 | 120.00 | 133.00 | OK | |
r-oldrel-macos-arm64 | 1.1.0 | 61.00 | OK | |||
r-oldrel-macos-x86_64 | 1.2.0 | 96.00 | OK | |||
r-oldrel-windows-x86_64 | 1.1.0 | 17.00 | 141.00 | 158.00 | OK |
Version: 1.1.0
Check: DESCRIPTION meta-information
Result: NOTE
Missing dependency on R >= 4.1.0 because package code uses the pipe
|> or function shorthand \(...) syntax added in R 4.1.0.
File(s) using such syntax:
‘owas.R’ ‘owas_clogit.R’ ‘owas_qgcomp.R’
Flavors: r-devel-linux-x86_64-debian-clang, r-devel-linux-x86_64-fedora-gcc
These binaries (installable software) and packages are in development.
They may not be fully stable and should be used with caution. We make no claims about them.