Last updated on 2024-07-27 15:50:16 CEST.
Flavor | Version | Tinstall | Tcheck | Ttotal | Status | Flags |
---|---|---|---|---|---|---|
r-devel-linux-x86_64-debian-clang | 1.3.0 | 22.67 | 203.31 | 225.98 | OK | |
r-devel-linux-x86_64-debian-gcc | 1.3.0 | NOTE | ||||
r-devel-linux-x86_64-fedora-clang | 1.3.0 | 284.10 | OK | |||
r-devel-linux-x86_64-fedora-gcc | 1.3.0 | 287.68 | OK | |||
r-devel-windows-x86_64 | 1.3.0 | 18.00 | 156.00 | 174.00 | NOTE | |
r-patched-linux-x86_64 | 1.3.0 | OK | ||||
r-release-linux-x86_64 | 1.3.0 | 13.39 | 187.57 | 200.96 | OK | |
r-release-macos-arm64 | 1.3.0 | 79.00 | OK | |||
r-release-macos-x86_64 | 1.3.0 | 126.00 | OK | |||
r-release-windows-x86_64 | 1.3.0 | 18.00 | 153.00 | 171.00 | OK | |
r-oldrel-macos-arm64 | 1.3.0 | 79.00 | OK | |||
r-oldrel-macos-x86_64 | 1.3.0 | 179.00 | OK | |||
r-oldrel-windows-x86_64 | 1.3.0 | 24.00 | 195.00 | 219.00 | OK |
Version: 1.3.0
Check: Rd cross-references
Result: NOTE
Found the following Rd file(s) with Rd \link{} targets missing package
anchors:
boot.bias.Rd: boot
plot.episensr.booted.Rd: boot
Please provide package anchors for all Rd \link{} targets not in the
package itself and the base packages.
Flavors: r-devel-linux-x86_64-debian-gcc, r-devel-windows-x86_64
These binaries (installable software) and packages are in development.
They may not be fully stable and should be used with caution. We make no claims about them.