Last updated on 2025-05-01 15:49:30 CEST.
Flavor | Version | Tinstall | Tcheck | Ttotal | Status | Flags |
---|---|---|---|---|---|---|
r-devel-linux-x86_64-debian-clang | 1.3.0 | 20.48 | 164.45 | 184.93 | NOTE | |
r-devel-linux-x86_64-debian-gcc | 1.3.0 | 12.64 | 113.26 | 125.90 | NOTE | |
r-devel-linux-x86_64-fedora-clang | 1.3.0 | 275.70 | OK | |||
r-devel-linux-x86_64-fedora-gcc | 1.3.0 | 279.94 | OK | |||
r-devel-windows-x86_64 | 1.3.0 | 18.00 | 169.00 | 187.00 | NOTE | |
r-patched-linux-x86_64 | 1.3.0 | 18.59 | 152.83 | 171.42 | NOTE | |
r-release-linux-x86_64 | NOTE | |||||
r-release-macos-arm64 | 1.3.0 | 78.00 | OK | |||
r-release-macos-x86_64 | 1.3.0 | 163.00 | OK | |||
r-release-windows-x86_64 | 1.3.0 | 17.00 | 178.00 | 195.00 | NOTE | |
r-oldrel-macos-arm64 | 1.3.0 | 79.00 | OK | |||
r-oldrel-macos-x86_64 | 1.3.0 | 126.00 | OK | |||
r-oldrel-windows-x86_64 | 1.3.0 | 24.00 | 210.00 | 234.00 | OK |
Version: 1.3.0
Check: Rd cross-references
Result: NOTE
Found the following Rd file(s) with Rd \link{} targets missing package
anchors:
boot.bias.Rd: boot
plot.episensr.booted.Rd: boot
Please provide package anchors for all Rd \link{} targets not in the
package itself and the base packages.
Flavors: r-devel-linux-x86_64-debian-clang, r-devel-linux-x86_64-debian-gcc, r-devel-windows-x86_64, r-patched-linux-x86_64, r-release-linux-x86_64, r-release-windows-x86_64
Version: 1.3.0
Check: examples
Result: NOTE
Examples with CPU (user + system) or elapsed time > 5s
user system elapsed
plot.episensr.booted 4.517 0.065 5.716
Flavor: r-devel-linux-x86_64-debian-clang
These binaries (installable software) and packages are in development.
They may not be fully stable and should be used with caution. We make no claims about them.