CRAN Package Check Results for Package epitab

Last updated on 2025-02-16 10:50:45 CET.

Flavor Version Tinstall Tcheck Ttotal Status Flags
r-devel-linux-x86_64-debian-clang 0.2.2 2.87 33.60 36.47 OK
r-devel-linux-x86_64-debian-gcc 0.2.2 1.95 26.84 28.79 OK
r-devel-linux-x86_64-fedora-clang 0.2.2 62.06 OK
r-devel-linux-x86_64-fedora-gcc 0.2.2 70.32 OK
r-devel-macos-arm64 0.2.2 30.00 OK
r-devel-macos-x86_64 0.2.2 51.00 OK
r-devel-windows-x86_64 0.2.2 6.00 55.00 61.00 OK
r-patched-linux-x86_64 0.2.2 3.09 31.73 34.82 NOTE
r-release-linux-x86_64 0.2.2 2.72 32.14 34.86 NOTE
r-release-macos-arm64 0.2.2 27.00 NOTE
r-release-macos-x86_64 0.2.2 42.00 NOTE
r-release-windows-x86_64 0.2.2 5.00 56.00 61.00 NOTE
r-oldrel-macos-arm64 0.2.2 28.00 NOTE
r-oldrel-macos-x86_64 0.2.2 38.00 NOTE
r-oldrel-windows-x86_64 0.2.2 6.00 62.00 68.00 NOTE

Check Details

Version: 0.2.2
Check: LazyData
Result: NOTE 'LazyData' is specified without a 'data' directory Flavors: r-patched-linux-x86_64, r-release-linux-x86_64, r-release-macos-arm64, r-release-macos-x86_64, r-release-windows-x86_64, r-oldrel-macos-arm64, r-oldrel-macos-x86_64, r-oldrel-windows-x86_64

These binaries (installable software) and packages are in development.
They may not be fully stable and should be used with caution. We make no claims about them.