Last updated on 2025-02-16 10:50:45 CET.
Flavor | Version | Tinstall | Tcheck | Ttotal | Status | Flags |
---|---|---|---|---|---|---|
r-devel-linux-x86_64-debian-clang | 0.1-0 | 6.78 | 56.18 | 62.96 | NOTE | |
r-devel-linux-x86_64-debian-gcc | 0.1-0 | 4.60 | 41.01 | 45.61 | NOTE | |
r-devel-linux-x86_64-fedora-clang | 0.1-0 | 106.62 | NOTE | |||
r-devel-linux-x86_64-fedora-gcc | 0.1-0 | 92.94 | NOTE | |||
r-devel-macos-arm64 | 0.1-0 | 32.00 | OK | |||
r-devel-macos-x86_64 | 0.1-0 | 57.00 | NOTE | |||
r-devel-windows-x86_64 | 0.1-0 | 8.00 | 70.00 | 78.00 | NOTE | |
r-patched-linux-x86_64 | 0.1-0 | 6.76 | 51.77 | 58.53 | OK | |
r-release-linux-x86_64 | 0.1-0 | 6.50 | 50.74 | 57.24 | OK | |
r-release-macos-arm64 | 0.1-0 | 31.00 | OK | |||
r-release-macos-x86_64 | 0.1-0 | 84.00 | OK | |||
r-release-windows-x86_64 | 0.1-0 | 9.00 | 76.00 | 85.00 | OK | |
r-oldrel-macos-arm64 | 0.1-0 | 39.00 | OK | |||
r-oldrel-macos-x86_64 | 0.1-0 | 62.00 | OK | |||
r-oldrel-windows-x86_64 | 0.1-0 | 11.00 | 99.00 | 110.00 | OK |
Version: 0.1-0
Check: DESCRIPTION meta-information
Result: NOTE
Missing dependency on R >= 4.1.0 because package code uses the pipe
|> or function shorthand \(...) syntax added in R 4.1.0.
File(s) using such syntax:
‘app.R’ ‘functions-server.R’ ‘functions-ui.R’
Flavors: r-devel-linux-x86_64-debian-clang, r-devel-linux-x86_64-debian-gcc, r-devel-linux-x86_64-fedora-clang, r-devel-linux-x86_64-fedora-gcc, r-devel-macos-x86_64, r-devel-windows-x86_64
These binaries (installable software) and packages are in development.
They may not be fully stable and should be used with caution. We make no claims about them.