CRAN Package Check Results for Package eplusr

Last updated on 2025-07-26 03:49:49 CEST.

Flavor Version Tinstall Tcheck Ttotal Status Flags
r-devel-linux-x86_64-debian-clang 0.16.3 55.64 288.07 343.71 OK
r-devel-linux-x86_64-debian-gcc 0.16.3 32.80 182.67 215.47 OK
r-devel-linux-x86_64-fedora-clang 0.16.3 536.60 OK
r-devel-linux-x86_64-fedora-gcc 0.16.3 492.28 OK
r-devel-windows-x86_64 0.16.3 54.00 247.00 301.00 OK
r-patched-linux-x86_64 0.16.3 59.14 254.90 314.04 OK
r-release-linux-x86_64 0.16.3 52.60 257.02 309.62 OK
r-release-macos-arm64 0.16.3 136.00 OK
r-release-macos-x86_64 0.16.3 260.00 OK
r-release-windows-x86_64 0.16.3 55.00 250.00 305.00 OK
r-oldrel-macos-arm64 0.16.3 125.00 NOTE
r-oldrel-macos-x86_64 0.16.3 251.00 NOTE
r-oldrel-windows-x86_64 0.16.3 73.00 311.00 384.00 OK

Check Details

Version: 0.16.3
Check: installed package size
Result: NOTE installed size is 5.4Mb sub-directories of 1Mb or more: R 4.3Mb Flavors: r-oldrel-macos-arm64, r-oldrel-macos-x86_64

These binaries (installable software) and packages are in development.
They may not be fully stable and should be used with caution. We make no claims about them.