CRAN Package Check Results for Package eponge

Last updated on 2025-02-16 10:50:45 CET.

Flavor Version Tinstall Tcheck Ttotal Status Flags
r-devel-linux-x86_64-debian-clang 0.1.0 2.14 22.95 25.09 OK
r-devel-linux-x86_64-debian-gcc 0.1.0 1.72 18.61 20.33 OK
r-devel-linux-x86_64-fedora-clang 0.1.0 41.39 OK
r-devel-linux-x86_64-fedora-gcc 0.1.0 38.08 OK
r-devel-macos-arm64 0.1.0 15.00 OK
r-devel-macos-x86_64 0.1.0 34.00 OK
r-devel-windows-x86_64 0.1.0 3.00 46.00 49.00 OK
r-patched-linux-x86_64 0.1.0 2.34 22.16 24.50 NOTE
r-release-linux-x86_64 0.1.0 1.82 22.07 23.89 NOTE
r-release-macos-arm64 0.1.0 17.00 NOTE
r-release-macos-x86_64 0.1.0 25.00 NOTE
r-release-windows-x86_64 0.1.0 3.00 48.00 51.00 NOTE
r-oldrel-macos-arm64 0.1.0 19.00 NOTE
r-oldrel-macos-x86_64 0.1.0 25.00 NOTE
r-oldrel-windows-x86_64 0.1.0 5.00 47.00 52.00 NOTE

Check Details

Version: 0.1.0
Check: LazyData
Result: NOTE 'LazyData' is specified without a 'data' directory Flavors: r-patched-linux-x86_64, r-release-linux-x86_64, r-release-macos-arm64, r-release-macos-x86_64, r-release-windows-x86_64, r-oldrel-macos-arm64, r-oldrel-macos-x86_64, r-oldrel-windows-x86_64

These binaries (installable software) and packages are in development.
They may not be fully stable and should be used with caution. We make no claims about them.