Last updated on 2024-07-27 15:50:16 CEST.
Flavor | Version | Tinstall | Tcheck | Ttotal | Status | Flags |
---|---|---|---|---|---|---|
r-devel-linux-x86_64-debian-clang | 1.1 | 7.26 | 78.43 | 85.69 | OK | |
r-devel-linux-x86_64-debian-gcc | 1.1 | OK | ||||
r-devel-linux-x86_64-fedora-clang | 1.1 | 110.20 | NOTE | |||
r-devel-linux-x86_64-fedora-gcc | 1.1 | 101.31 | NOTE | |||
r-devel-windows-x86_64 | 1.1 | 10.00 | 91.00 | 101.00 | OK | |
r-patched-linux-x86_64 | 1.1 | OK | ||||
r-release-linux-x86_64 | 1.1 | 4.74 | 74.68 | 79.42 | OK | |
r-release-macos-arm64 | 1.1 | 32.00 | OK | |||
r-release-macos-x86_64 | 1.1 | 50.00 | OK | |||
r-release-windows-x86_64 | 1.1 | 9.00 | 90.00 | 99.00 | OK | |
r-oldrel-macos-arm64 | 1.1 | 42.00 | OK | |||
r-oldrel-macos-x86_64 | 1.1 | 91.00 | OK | |||
r-oldrel-windows-x86_64 | 1.1 | 11.00 | 107.00 | 118.00 | OK |
Version: 1.1
Check: dependencies in R code
Result: NOTE
Namespace in Imports field not imported from: ‘testthat’
All declared Imports should be used.
Flavors: r-devel-linux-x86_64-fedora-clang, r-devel-linux-x86_64-fedora-gcc
Version: 1.1
Check: data for non-ASCII characters
Result: NOTE
Note: found 15 marked UTF-8 strings
Flavors: r-devel-linux-x86_64-fedora-clang, r-devel-linux-x86_64-fedora-gcc
These binaries (installable software) and packages are in development.
They may not be fully stable and should be used with caution. We make no claims about them.