CRAN Package Check Results for Package epxToR

Last updated on 2025-05-01 15:49:30 CEST.

Flavor Version Tinstall Tcheck Ttotal Status Flags
r-devel-linux-x86_64-debian-clang 0.4-1 2.50 24.92 27.42 OK
r-devel-linux-x86_64-debian-gcc 0.4-1 2.15 19.98 22.13 OK
r-devel-linux-x86_64-fedora-clang 0.4-1 43.01 OK
r-devel-linux-x86_64-fedora-gcc 0.4-1 41.62 OK
r-devel-windows-x86_64 0.4-1 4.00 47.00 51.00 OK
r-patched-linux-x86_64 0.4-1 2.84 24.14 26.98 OK
r-release-linux-x86_64 OK
r-release-macos-arm64 0.4-1 25.00 OK
r-release-macos-x86_64 0.4-1 30.00 OK
r-release-windows-x86_64 0.4-1 4.00 50.00 54.00 OK
r-oldrel-macos-arm64 0.4-1 18.00 NOTE
r-oldrel-macos-x86_64 0.4-1 26.00 NOTE
r-oldrel-windows-x86_64 0.4-1 5.00 46.00 51.00 NOTE

Check Details

Version: 0.4-1
Check: LazyData
Result: NOTE 'LazyData' is specified without a 'data' directory Flavors: r-oldrel-macos-arm64, r-oldrel-macos-x86_64, r-oldrel-windows-x86_64

These binaries (installable software) and packages are in development.
They may not be fully stable and should be used with caution. We make no claims about them.