Last updated on 2025-05-01 12:49:27 CEST.
Flavor | Version | Tinstall | Tcheck | Ttotal | Status | Flags |
---|---|---|---|---|---|---|
r-devel-linux-x86_64-debian-clang | 2.0.8 | 4.76 | 80.49 | 85.25 | NOTE | |
r-devel-linux-x86_64-debian-gcc | 2.0.8 | 3.83 | 57.73 | 61.56 | NOTE | |
r-devel-linux-x86_64-fedora-clang | 2.0.8 | 144.64 | NOTE | |||
r-devel-linux-x86_64-fedora-gcc | 2.0.8 | 147.35 | NOTE | |||
r-devel-windows-x86_64 | 2.0.8 | 7.00 | 96.00 | 103.00 | NOTE | |
r-patched-linux-x86_64 | 2.0.8 | 5.64 | 77.51 | 83.15 | NOTE | |
r-release-linux-x86_64 | NOTE | |||||
r-release-macos-arm64 | 2.0.8 | 43.00 | NOTE | |||
r-release-macos-x86_64 | 2.0.8 | 91.00 | NOTE | |||
r-release-windows-x86_64 | 2.0.8 | 5.00 | 102.00 | 107.00 | NOTE | |
r-oldrel-macos-arm64 | 2.0.8 | 40.00 | NOTE | |||
r-oldrel-macos-x86_64 | 2.0.8 | 63.00 | NOTE | |||
r-oldrel-windows-x86_64 | 2.0.8 | 7.00 | 106.00 | 113.00 | NOTE |
Version: 2.0.8
Check: CRAN incoming feasibility
Result: NOTE
Maintainer: ‘Anthony Albano <tony.d.albano@gmail.com>’
No Authors@R field in DESCRIPTION.
Please add one, modifying
Authors@R: person(given = "Anthony",
family = "Albano",
role = c("aut", "cre"),
email = "tony.d.albano@gmail.com")
as necessary.
Flavors: r-devel-linux-x86_64-debian-clang, r-devel-linux-x86_64-debian-gcc
Version: 2.0.8
Check: package subdirectories
Result: NOTE
Problems with news in ‘NEWS.md’:
No news entries found.
Flavors: r-devel-linux-x86_64-debian-clang, r-devel-linux-x86_64-debian-gcc, r-devel-linux-x86_64-fedora-clang, r-devel-linux-x86_64-fedora-gcc, r-devel-windows-x86_64, r-patched-linux-x86_64, r-release-linux-x86_64, r-release-macos-arm64, r-release-macos-x86_64, r-release-windows-x86_64, r-oldrel-macos-arm64, r-oldrel-macos-x86_64, r-oldrel-windows-x86_64
These binaries (installable software) and packages are in development.
They may not be fully stable and should be used with caution. We make no claims about them.