CRAN Package Check Results for Package equate

Last updated on 2025-07-17 01:49:46 CEST.

Flavor Version Tinstall Tcheck Ttotal Status Flags
r-devel-linux-x86_64-debian-clang 2.0.8 4.83 81.51 86.34 NOTE
r-devel-linux-x86_64-debian-gcc 2.0.8 3.26 58.37 61.63 NOTE
r-devel-linux-x86_64-fedora-clang 2.0.8 136.26 NOTE
r-devel-linux-x86_64-fedora-gcc 2.0.8 145.97 NOTE
r-devel-windows-x86_64 2.0.8 7.00 92.00 99.00 NOTE
r-patched-linux-x86_64 2.0.8 5.70 77.67 83.37 NOTE
r-release-linux-x86_64 2.0.8 5.10 77.46 82.56 NOTE
r-release-macos-arm64 2.0.8 43.00 NOTE
r-release-macos-x86_64 2.0.8 91.00 NOTE
r-release-windows-x86_64 2.0.8 10.00 91.00 101.00 NOTE
r-oldrel-macos-arm64 2.0.8 40.00 NOTE
r-oldrel-macos-x86_64 2.0.8 63.00 NOTE
r-oldrel-windows-x86_64 2.0.8 8.00 109.00 117.00 NOTE

Check Details

Version: 2.0.8
Check: CRAN incoming feasibility
Result: NOTE Maintainer: ‘Anthony Albano <tony.d.albano@gmail.com>’ No Authors@R field in DESCRIPTION. Please add one, modifying Authors@R: person(given = "Anthony", family = "Albano", role = c("aut", "cre"), email = "tony.d.albano@gmail.com") as necessary. Flavors: r-devel-linux-x86_64-debian-clang, r-devel-linux-x86_64-debian-gcc

Version: 2.0.8
Check: package subdirectories
Result: NOTE Problems with news in ‘NEWS.md’: No news entries found. Flavors: r-devel-linux-x86_64-debian-clang, r-devel-linux-x86_64-debian-gcc, r-devel-linux-x86_64-fedora-clang, r-devel-linux-x86_64-fedora-gcc, r-devel-windows-x86_64, r-patched-linux-x86_64, r-release-linux-x86_64, r-release-macos-arm64, r-release-macos-x86_64, r-release-windows-x86_64, r-oldrel-macos-arm64, r-oldrel-macos-x86_64, r-oldrel-windows-x86_64

These binaries (installable software) and packages are in development.
They may not be fully stable and should be used with caution. We make no claims about them.