Last updated on 2025-07-02 01:51:36 CEST.
Flavor | Version | Tinstall | Tcheck | Ttotal | Status | Flags |
---|---|---|---|---|---|---|
r-devel-linux-x86_64-debian-clang | 1.1.2 | 48.08 | 132.38 | 180.46 | OK | |
r-devel-linux-x86_64-debian-gcc | 1.1.2 | 33.68 | 96.87 | 130.55 | OK | |
r-devel-linux-x86_64-fedora-clang | 1.1.2 | 311.56 | OK | |||
r-devel-linux-x86_64-fedora-gcc | 1.1.2 | 293.95 | OK | |||
r-devel-windows-x86_64 | 1.1.2 | 48.00 | 153.00 | 201.00 | OK | |
r-patched-linux-x86_64 | OK | |||||
r-release-linux-x86_64 | 1.1.2 | 41.68 | 126.97 | 168.65 | OK | |
r-release-macos-arm64 | 1.1.2 | 85.00 | OK | |||
r-release-macos-x86_64 | 1.1.2 | 159.00 | OK | |||
r-release-windows-x86_64 | 1.1.2 | 45.00 | 151.00 | 196.00 | OK | |
r-oldrel-macos-arm64 | 1.1.2 | 91.00 | NOTE | |||
r-oldrel-macos-x86_64 | 1.1.2 | 157.00 | OK | |||
r-oldrel-windows-x86_64 | 1.1.2 | 58.00 | 198.00 | 256.00 | OK |
Version: 1.1.2
Check: installed package size
Result: NOTE
installed size is 5.3Mb
sub-directories of 1Mb or more:
doc 1.0Mb
libs 4.0Mb
Flavor: r-oldrel-macos-arm64
These binaries (installable software) and packages are in development.
They may not be fully stable and should be used with caution. We make no claims about them.