Last updated on 2025-02-02 14:48:22 CET.
Flavor | Version | Tinstall | Tcheck | Ttotal | Status | Flags |
---|---|---|---|---|---|---|
r-devel-linux-x86_64-debian-clang | 1.1.1 | 46.70 | 129.98 | 176.68 | OK | |
r-devel-linux-x86_64-debian-gcc | 1.1.1 | 34.04 | 96.14 | 130.18 | OK | |
r-devel-linux-x86_64-fedora-clang | 1.1.1 | 311.61 | OK | |||
r-devel-linux-x86_64-fedora-gcc | 1.1.1 | 338.61 | OK | |||
r-devel-windows-x86_64 | 1.1.1 | 44.00 | 158.00 | 202.00 | OK | |
r-patched-linux-x86_64 | 1.1.1 | 49.51 | 123.85 | 173.36 | OK | |
r-release-linux-x86_64 | 1.1.1 | 44.21 | 123.69 | 167.90 | OK | |
r-release-macos-arm64 | 1.1.1 | 77.00 | NOTE | |||
r-release-macos-x86_64 | 1.1.1 | 103.00 | OK | |||
r-release-windows-x86_64 | 1.1.1 | 44.00 | 151.00 | 195.00 | OK | |
r-oldrel-macos-arm64 | 1.1.1 | 94.00 | NOTE | |||
r-oldrel-macos-x86_64 | 1.1.1 | 125.00 | OK | |||
r-oldrel-windows-x86_64 | 1.1.1 | 56.00 | 193.00 | 249.00 | OK |
Version: 1.1.1
Check: installed package size
Result: NOTE
installed size is 5.3Mb
sub-directories of 1Mb or more:
doc 1.0Mb
libs 4.1Mb
Flavors: r-release-macos-arm64, r-oldrel-macos-arm64
These binaries (installable software) and packages are in development.
They may not be fully stable and should be used with caution. We make no claims about them.