Last updated on 2025-11-11 15:50:33 CET.
| Flavor | Version | Tinstall | Tcheck | Ttotal | Status | Flags |
|---|---|---|---|---|---|---|
| r-devel-linux-x86_64-debian-clang | 0.1.1 | 1.77 | 20.53 | 22.30 | OK | |
| r-devel-linux-x86_64-debian-gcc | 0.1.1 | 1.34 | 16.71 | 18.05 | OK | |
| r-devel-linux-x86_64-fedora-clang | 0.1.1 | 31.77 | OK | |||
| r-devel-linux-x86_64-fedora-gcc | 0.1.1 | 30.10 | OK | |||
| r-devel-windows-x86_64 | 0.1.1 | 2.00 | 39.00 | 41.00 | OK | |
| r-patched-linux-x86_64 | 0.1.1 | 1.81 | 19.33 | 21.14 | OK | |
| r-release-linux-x86_64 | 0.1.1 | 1.72 | 19.18 | 20.90 | OK | |
| r-release-macos-arm64 | 0.1.1 | 1.00 | 15.00 | 16.00 | OK | |
| r-release-macos-x86_64 | 0.1.1 | 2.00 | 21.00 | 23.00 | OK | |
| r-release-windows-x86_64 | 0.1.1 | 3.00 | 40.00 | 43.00 | OK | |
| r-oldrel-macos-arm64 | 0.1.1 | 1.00 | 14.00 | 15.00 | NOTE | |
| r-oldrel-macos-x86_64 | 0.1.1 | 1.00 | 19.00 | 20.00 | NOTE | |
| r-oldrel-windows-x86_64 | 0.1.1 | 4.00 | 42.00 | 46.00 | NOTE |
Version: 0.1.1
Check: LazyData
Result: NOTE
'LazyData' is specified without a 'data' directory
Flavors: r-oldrel-macos-arm64, r-oldrel-macos-x86_64, r-oldrel-windows-x86_64
These binaries (installable software) and packages are in development.
They may not be fully stable and should be used with caution. We make no claims about them.