Last updated on 2025-05-01 14:49:09 CEST.
Flavor | Version | Tinstall | Tcheck | Ttotal | Status | Flags |
---|---|---|---|---|---|---|
r-devel-linux-x86_64-debian-clang | 2.0.1 | 18.30 | 153.89 | 172.19 | NOTE | |
r-devel-linux-x86_64-debian-gcc | 2.0.1 | 11.73 | 108.74 | 120.47 | NOTE | |
r-devel-linux-x86_64-fedora-clang | 2.0.1 | 300.98 | OK | |||
r-devel-linux-x86_64-fedora-gcc | 2.0.1 | 284.74 | OK | |||
r-devel-windows-x86_64 | 2.0.1 | 21.00 | 166.00 | 187.00 | OK | |
r-patched-linux-x86_64 | 2.0.1 | 17.65 | 145.08 | 162.73 | OK | |
r-release-linux-x86_64 | OK | |||||
r-release-macos-arm64 | 2.0.1 | 81.00 | OK | |||
r-release-macos-x86_64 | 2.0.1 | 141.00 | OK | |||
r-release-windows-x86_64 | 2.0.1 | 22.00 | 173.00 | 195.00 | OK | |
r-oldrel-macos-arm64 | 2.0.1 | 61.00 | NOTE | |||
r-oldrel-macos-x86_64 | 2.0.1 | 132.00 | OK | |||
r-oldrel-windows-x86_64 | 2.0.1 | 27.00 | 200.00 | 227.00 | OK |
Version: 2.0.1
Check: CRAN incoming feasibility
Result: NOTE
Maintainer: ‘Xavier Domingo-Almenara <xavier.domingoa@eurecat.org>’
No Authors@R field in DESCRIPTION.
Please add one, modifying
Authors@R: c(person(given = "Xavier",
family = "Domingo-Almenara",
role = c("aut", "cre", "cph"),
email = "xavier.domingoa@eurecat.org"),
person(given = c("Jasen", "P."),
family = "Finch",
role = "ctb"),
person(given = "Adria",
family = "Olomi",
role = "ctb"),
person(given = "Sara",
family = "Samino",
role = "aut"),
person(given = "Maria",
family = "Vinaixa",
role = "aut"),
person(given = "Alexandre",
family = "Perera",
role = c("aut", "ths")),
person(given = "Jesus",
family = "Brezmes",
role = c("aut", "ths")),
person(given = "Oscar",
family = "Yanes",
role = c("aut", "ths")))
as necessary.
Flavors: r-devel-linux-x86_64-debian-clang, r-devel-linux-x86_64-debian-gcc
Version: 2.0.1
Check: package dependencies
Result: NOTE
Package suggested but not available for checking: ‘gcspikelite’
Flavor: r-oldrel-macos-arm64
These binaries (installable software) and packages are in development.
They may not be fully stable and should be used with caution. We make no claims about them.