CRAN Package Check Results for Package eratosthenes

Last updated on 2025-05-08 04:52:04 CEST.

Flavor Version Tinstall Tcheck Ttotal Status Flags
r-devel-linux-x86_64-debian-clang 0.0.2 12.06 35.94 48.00 OK
r-devel-linux-x86_64-debian-gcc 0.0.2 8.86 28.20 37.06 OK
r-devel-linux-x86_64-fedora-clang 0.0.2 81.37 NOTE
r-devel-linux-x86_64-fedora-gcc 0.0.2 98.72 NOTE
r-devel-windows-x86_64 0.0.2 16.00 70.00 86.00 OK
r-patched-linux-x86_64 0.0.2 12.18 33.16 45.34 OK
r-release-linux-x86_64 0.0.2 12.97 33.30 46.27 OK
r-release-macos-arm64 0.0.2 47.00 OK
r-release-macos-x86_64 0.0.2 57.00 OK
r-release-windows-x86_64 0.0.2 17.00 70.00 87.00 OK
r-oldrel-macos-arm64 0.0.2 38.00 OK
r-oldrel-macos-x86_64 0.0.2 55.00 OK
r-oldrel-windows-x86_64 0.0.2 19.00 81.00 100.00 OK

Check Details

Version: 0.0.2
Check: dependencies in R code
Result: NOTE Namespace in Imports field not imported from: ‘Rdpack’ All declared Imports should be used. Flavors: r-devel-linux-x86_64-fedora-clang, r-devel-linux-x86_64-fedora-gcc

These binaries (installable software) and packages are in development.
They may not be fully stable and should be used with caution. We make no claims about them.